Last updated on 2024-08-31 22:49:38 CEST.
Flavor | Version | Tinstall | Tcheck | Ttotal | Status | Flags |
---|---|---|---|---|---|---|
r-devel-linux-x86_64-debian-clang | 0.4.0 | 5.90 | 48.28 | 54.18 | OK | |
r-devel-linux-x86_64-debian-gcc | 0.4.0 | 4.41 | 34.34 | 38.75 | OK | |
r-devel-linux-x86_64-fedora-clang | 0.4.0 | 84.34 | NOTE | |||
r-devel-linux-x86_64-fedora-gcc | 0.4.0 | 77.71 | NOTE | |||
r-devel-windows-x86_64 | 0.4.0 | 6.00 | 84.00 | 90.00 | OK | |
r-patched-linux-x86_64 | 0.4.0 | 5.50 | 43.29 | 48.79 | OK | |
r-release-linux-x86_64 | 0.4.0 | 5.49 | 43.32 | 48.81 | OK | |
r-release-macos-arm64 | 0.4.0 | 51.00 | OK | |||
r-release-macos-x86_64 | 0.4.0 | 59.00 | OK | |||
r-release-windows-x86_64 | 0.4.0 | 7.00 | 84.00 | 91.00 | OK | |
r-oldrel-macos-arm64 | 0.4.0 | 50.00 | OK | |||
r-oldrel-macos-x86_64 | 0.4.0 | 62.00 | OK | |||
r-oldrel-windows-x86_64 | 0.4.0 | 10.00 | 92.00 | 102.00 | OK |
Version: 0.4.0
Check: dependencies in R code
Result: NOTE
Namespace in Imports field not imported from: ‘tinytest’
All declared Imports should be used.
Flavors: r-devel-linux-x86_64-fedora-clang, r-devel-linux-x86_64-fedora-gcc