CRAN Package Check Results for Package epikit

Last updated on 2024-06-20 06:57:11 CEST.

Flavor Version Tinstall Tcheck Ttotal Status Flags
r-devel-linux-x86_64-debian-clang 0.1.6 10.23 88.24 98.47 NOTE
r-devel-linux-x86_64-debian-gcc 0.1.6 6.23 66.49 72.72 NOTE
r-devel-linux-x86_64-fedora-clang 0.1.6 127.74 NOTE
r-devel-linux-x86_64-fedora-gcc 0.1.6 130.62 NOTE
r-devel-windows-x86_64 0.1.6 10.00 83.00 93.00 NOTE
r-patched-linux-x86_64 0.1.6 8.74 83.25 91.99 NOTE
r-release-linux-x86_64 0.1.6 9.11 83.94 93.05 NOTE
r-release-macos-arm64 0.1.6 42.00 NOTE
r-release-macos-x86_64 0.1.6 68.00 NOTE
r-release-windows-x86_64 0.1.6 9.00 80.00 89.00 NOTE
r-oldrel-macos-arm64 0.1.6 49.00 NOTE
r-oldrel-macos-x86_64 0.1.6 81.00 NOTE
r-oldrel-windows-x86_64 0.1.6 10.00 97.00 107.00 NOTE

Check Details

Version: 0.1.6
Check: package dependencies
Result: NOTE Package suggested but not available for checking: ‘epidict’ Flavors: r-devel-linux-x86_64-debian-clang, r-devel-linux-x86_64-debian-gcc, r-devel-linux-x86_64-fedora-clang, r-devel-linux-x86_64-fedora-gcc, r-devel-windows-x86_64, r-patched-linux-x86_64, r-release-linux-x86_64, r-release-macos-arm64, r-release-macos-x86_64, r-release-windows-x86_64, r-oldrel-macos-arm64, r-oldrel-macos-x86_64, r-oldrel-windows-x86_64