Last updated on 2023-11-28 23:04:32 CET.
Flavor | Version | Tinstall | Tcheck | Ttotal | Status | Flags |
---|---|---|---|---|---|---|
r-devel-linux-x86_64-debian-clang | 0.6-5 | 12.50 | 60.23 | 72.73 | OK | |
r-devel-linux-x86_64-debian-gcc | 0.6-5 | 8.61 | 46.03 | 54.64 | OK | |
r-devel-linux-x86_64-fedora-clang | 0.6-5 | 95.07 | OK | |||
r-devel-linux-x86_64-fedora-gcc | 0.6-5 | 89.82 | OK | |||
r-devel-windows-x86_64 | 0.6-5 | 11.00 | 75.00 | 86.00 | OK | |
r-patched-linux-x86_64 | 0.6-5 | 9.63 | 58.85 | 68.48 | OK | |
r-release-linux-x86_64 | 0.6-5 | 10.15 | 59.84 | 69.99 | OK | |
r-release-macos-arm64 | 0.6-5 | 30.00 | OK | |||
r-release-macos-x86_64 | 0.6-5 | 43.00 | NOTE | |||
r-release-windows-x86_64 | 0.6-5 | 14.00 | 86.00 | 100.00 | OK | |
r-oldrel-macos-arm64 | 0.6-5 | 24.00 | OK | |||
r-oldrel-macos-x86_64 | 0.6-5 | 54.00 | OK | |||
r-oldrel-windows-x86_64 | 0.6-5 | 15.00 | 80.00 | 95.00 | OK |
Version: 0.6-5
Check: package dependencies
Result: NOTE
Packages suggested but not available for checking:
'fields', 'forecast', 'imputeTS', 'lme4', 'statnet'
Flavor: r-release-macos-x86_64