CRAN Package Check Results for Package epimdr2

Last updated on 2023-11-28 08:56:24 CET.

Flavor Version Tinstall Tcheck Ttotal Status Flags
r-devel-linux-x86_64-debian-clang 1.0-9 17.77 99.55 117.32 OK
r-devel-linux-x86_64-debian-gcc 1.0-9 12.07 72.14 84.21 OK
r-devel-linux-x86_64-fedora-clang 1.0-9 148.35 OK
r-devel-linux-x86_64-fedora-gcc 1.0-9 140.37 OK
r-devel-windows-x86_64 1.0-9 16.00 101.00 117.00 OK
r-patched-linux-x86_64 1.0-9 12.47 92.71 105.18 OK
r-release-linux-x86_64 1.0-9 11.48 92.97 104.45 OK
r-release-macos-arm64 1.0-9 44.00 OK
r-release-macos-x86_64 1.0-9 64.00 NOTE
r-release-windows-x86_64 1.0-9 21.00 120.00 141.00 OK
r-oldrel-macos-arm64 1.0-9 46.00 OK
r-oldrel-macos-x86_64 1.0-9 64.00 OK
r-oldrel-windows-x86_64 1.0-9 21.00 113.00 134.00 OK

Check Details

Version: 1.0-9
Check: package dependencies
Result: NOTE Packages suggested but not available for checking: 'fields', 'lme4', 'rworldmap', 'statnet' Flavor: r-release-macos-x86_64