CRAN Package Check Results for Package epm

Last updated on 2024-06-24 19:55:16 CEST.

Flavor Version Tinstall Tcheck Ttotal Status Flags
r-devel-linux-x86_64-debian-clang 1.1.2 34.35 126.70 161.05 NOTE
r-devel-linux-x86_64-debian-gcc 1.1.2 28.57 85.68 114.25 NOTE
r-devel-linux-x86_64-fedora-clang 1.1.2 201.96 NOTE
r-devel-linux-x86_64-fedora-gcc 1.1.2 215.44 NOTE
r-devel-windows-x86_64 1.1.2 30.00 123.00 153.00 NOTE
r-patched-linux-x86_64 1.1.2 33.20 116.78 149.98 OK
r-release-linux-x86_64 1.1.2 29.40 119.74 149.14 OK
r-release-macos-arm64 1.1.2 51.00 OK
r-release-macos-x86_64 1.1.2 77.00 OK
r-release-windows-x86_64 1.1.2 31.00 127.00 158.00 OK
r-oldrel-macos-arm64 1.1.2 54.00 OK
r-oldrel-macos-x86_64 1.1.2 117.00 OK
r-oldrel-windows-x86_64 1.1.2 39.00 157.00 196.00 OK

Check Details

Version: 1.1.2
Check: compiled code
Result: NOTE File ‘epm/libs/epm.so’: Found non-API call to R: ‘STRING_PTR’ Compiled code should not call non-API entry points in R. See ‘Writing portable packages’ in the ‘Writing R Extensions’ manual. Flavors: r-devel-linux-x86_64-debian-clang, r-devel-linux-x86_64-debian-gcc, r-devel-linux-x86_64-fedora-clang, r-devel-linux-x86_64-fedora-gcc

Version: 1.1.2
Check: compiled code
Result: NOTE File 'epm/libs/x64/epm.dll': Found non-API call to R: 'STRING_PTR' Compiled code should not call non-API entry points in R. See 'Writing portable packages' in the 'Writing R Extensions' manual. Flavor: r-devel-windows-x86_64