Last updated on 2024-08-31 22:49:38 CEST.
Flavor | Version | Tinstall | Tcheck | Ttotal | Status | Flags |
---|---|---|---|---|---|---|
r-devel-linux-x86_64-debian-clang | 2.0.8 | 5.57 | 80.84 | 86.41 | NOTE | |
r-devel-linux-x86_64-debian-gcc | 2.0.8 | 3.36 | 56.05 | 59.41 | NOTE | |
r-devel-linux-x86_64-fedora-clang | 2.0.8 | 144.24 | NOTE | |||
r-devel-linux-x86_64-fedora-gcc | 2.0.8 | 148.54 | NOTE | |||
r-devel-windows-x86_64 | 2.0.8 | 8.00 | 91.00 | 99.00 | NOTE | |
r-patched-linux-x86_64 | 2.0.8 | 5.01 | 75.36 | 80.37 | NOTE | |
r-release-linux-x86_64 | 2.0.8 | 4.91 | 75.23 | 80.14 | NOTE | |
r-release-macos-arm64 | 2.0.8 | 40.00 | NOTE | |||
r-release-macos-x86_64 | 2.0.8 | 63.00 | NOTE | |||
r-release-windows-x86_64 | 2.0.8 | 6.00 | 91.00 | 97.00 | NOTE | |
r-oldrel-macos-arm64 | 2.0.8 | 43.00 | NOTE | |||
r-oldrel-macos-x86_64 | 2.0.8 | 71.00 | NOTE | |||
r-oldrel-windows-x86_64 | 2.0.8 | 8.00 | 101.00 | 109.00 | NOTE |
Version: 2.0.8
Check: package subdirectories
Result: NOTE
Problems with news in ‘NEWS.md’:
No news entries found.
Flavors: r-devel-linux-x86_64-debian-clang, r-devel-linux-x86_64-debian-gcc, r-devel-linux-x86_64-fedora-clang, r-devel-linux-x86_64-fedora-gcc, r-devel-windows-x86_64, r-patched-linux-x86_64, r-release-linux-x86_64, r-release-macos-arm64, r-release-macos-x86_64, r-release-windows-x86_64, r-oldrel-macos-arm64, r-oldrel-macos-x86_64, r-oldrel-windows-x86_64