Last updated on 2025-02-04 19:50:17 CET.
Flavor | Version | Tinstall | Tcheck | Ttotal | Status | Flags |
---|---|---|---|---|---|---|
r-devel-linux-x86_64-debian-clang | 0.0.3 | 25.67 | 24.87 | 50.54 | NOTE | |
r-devel-linux-x86_64-debian-gcc | 0.0.3 | 19.17 | 20.08 | 39.25 | NOTE | |
r-devel-linux-x86_64-fedora-clang | 0.0.3 | 90.96 | NOTE | |||
r-devel-linux-x86_64-fedora-gcc | 0.0.3 | 97.97 | NOTE | |||
r-devel-windows-x86_64 | 0.0.3 | 27.00 | 68.00 | 95.00 | NOTE | |
r-patched-linux-x86_64 | 0.0.3 | 23.98 | 23.73 | 47.71 | NOTE | |
r-release-linux-x86_64 | 0.0.3 | 26.81 | 23.49 | 50.30 | NOTE | |
r-release-macos-arm64 | 0.0.3 | 28.00 | NOTE | |||
r-release-macos-x86_64 | 0.0.3 | 36.00 | NOTE | |||
r-release-windows-x86_64 | 0.0.3 | 29.00 | 66.00 | 95.00 | NOTE | |
r-oldrel-macos-arm64 | 0.0.3 | 29.00 | NOTE | |||
r-oldrel-macos-x86_64 | 0.0.3 | 47.00 | NOTE | |||
r-oldrel-windows-x86_64 | 0.0.3 | 31.00 | 76.00 | 107.00 | NOTE |
Version: 0.0.3
Check: C++ specification
Result: NOTE
Specified C++11: please drop specification unless essential
Flavors: r-devel-linux-x86_64-debian-clang, r-devel-linux-x86_64-debian-gcc, r-devel-linux-x86_64-fedora-clang, r-devel-linux-x86_64-fedora-gcc, r-devel-windows-x86_64, r-patched-linux-x86_64, r-release-linux-x86_64, r-release-macos-arm64, r-release-macos-x86_64, r-release-windows-x86_64, r-oldrel-macos-arm64, r-oldrel-macos-x86_64, r-oldrel-windows-x86_64
Version: 0.0.3
Check: LazyData
Result: NOTE
'LazyData' is specified without a 'data' directory
Flavors: r-patched-linux-x86_64, r-release-linux-x86_64, r-release-macos-arm64, r-release-macos-x86_64, r-release-windows-x86_64, r-oldrel-macos-arm64, r-oldrel-macos-x86_64, r-oldrel-windows-x86_64