CRAN Package Check Results for Package estadistica

Last updated on 2025-04-29 14:53:33 CEST.

Flavor Version Tinstall Tcheck Ttotal Status Flags
r-devel-linux-x86_64-debian-clang 0.2.3 12.57 92.17 104.74 NOTE
r-devel-linux-x86_64-debian-gcc 0.2.3 9.60 62.37 71.97 NOTE
r-devel-linux-x86_64-fedora-clang 0.2.3 154.01 NOTE
r-devel-linux-x86_64-fedora-gcc 0.2.3 140.48 NOTE
r-devel-windows-x86_64 0.2.3 17.00 103.00 120.00 NOTE
r-patched-linux-x86_64 0.2.3 13.38 84.46 97.84 NOTE
r-release-linux-x86_64 0.2.3 10.65 84.44 95.09 NOTE
r-release-macos-arm64 0.2.3 62.00 NOTE
r-release-macos-x86_64 0.2.3 76.00 NOTE
r-release-windows-x86_64 0.2.3 14.00 103.00 117.00 NOTE
r-oldrel-macos-arm64 0.2.3 46.00 NOTE
r-oldrel-macos-x86_64 0.2.3 71.00 NOTE
r-oldrel-windows-x86_64 0.2.3 20.00 129.00 149.00 NOTE

Check Details

Version: 0.2.3
Check: Rd files
Result: NOTE checkRd: (-1) momento.central.Rd:12: Lost braces; missing escapes or markup? 12 | \item{orden}{Es un valor numérico que representa el orden del momento central (orden = {1,2,3,4,...})} | ^ Flavors: r-devel-linux-x86_64-debian-clang, r-devel-linux-x86_64-debian-gcc, r-devel-linux-x86_64-fedora-clang, r-devel-linux-x86_64-fedora-gcc, r-devel-windows-x86_64, r-patched-linux-x86_64, r-release-linux-x86_64, r-release-macos-arm64, r-release-macos-x86_64, r-release-windows-x86_64, r-oldrel-macos-arm64, r-oldrel-macos-x86_64, r-oldrel-windows-x86_64