Last updated on 2024-08-31 22:49:38 CEST.
Flavor | Version | Tinstall | Tcheck | Ttotal | Status | Flags |
---|---|---|---|---|---|---|
r-devel-linux-x86_64-debian-clang | 1.0.4 | 81.98 | 119.18 | 201.16 | OK | |
r-devel-linux-x86_64-debian-gcc | 1.0.4 | 65.86 | 87.35 | 153.21 | OK | |
r-devel-linux-x86_64-fedora-clang | 1.0.4 | 320.66 | OK | |||
r-devel-linux-x86_64-fedora-gcc | 1.0.4 | 347.53 | OK | |||
r-devel-windows-x86_64 | 1.0.4 | 82.00 | 144.00 | 226.00 | OK | |
r-patched-linux-x86_64 | 1.0.4 | 85.52 | 121.73 | 207.25 | OK | |
r-release-linux-x86_64 | 1.0.4 | 84.47 | 122.80 | 207.27 | OK | |
r-release-macos-arm64 | 1.0.4 | 82.00 | NOTE | |||
r-release-macos-x86_64 | 1.0.4 | 131.00 | NOTE | |||
r-release-windows-x86_64 | 1.0.4 | 77.00 | 146.00 | 223.00 | OK | |
r-oldrel-macos-arm64 | 1.0.4 | 111.00 | NOTE | |||
r-oldrel-macos-x86_64 | 1.0.4 | 303.00 | NOTE | |||
r-oldrel-windows-x86_64 | 1.0.4 | 106.00 | 189.00 | 295.00 | OK |
Version: 1.0.4
Check: installed package size
Result: NOTE
installed size is 39.9Mb
sub-directories of 1Mb or more:
libs 39.5Mb
Flavors: r-release-macos-arm64, r-release-macos-x86_64, r-oldrel-macos-arm64, r-oldrel-macos-x86_64