Last updated on 2025-04-30 06:51:17 CEST.
Flavor | Version | Tinstall | Tcheck | Ttotal | Status | Flags |
---|---|---|---|---|---|---|
r-devel-linux-x86_64-debian-clang | 0.10.0 | 74.78 | 366.86 | 441.64 | NOTE | |
r-devel-linux-x86_64-debian-gcc | 0.10.0 | 51.83 | 243.08 | 294.91 | NOTE | |
r-devel-linux-x86_64-fedora-clang | 0.10.0 | 724.84 | NOTE | |||
r-devel-linux-x86_64-fedora-gcc | 0.10.0 | 689.59 | NOTE | |||
r-devel-windows-x86_64 | 0.10.0 | 83.00 | 343.00 | 426.00 | NOTE | |
r-patched-linux-x86_64 | 0.10.0 | 76.30 | 348.41 | 424.71 | NOTE | |
r-release-linux-x86_64 | 0.10.0 | 74.39 | 343.56 | 417.95 | NOTE | |
r-release-macos-arm64 | 0.10.0 | 205.00 | NOTE | |||
r-release-macos-x86_64 | 0.10.0 | 434.00 | NOTE | |||
r-release-windows-x86_64 | 0.10.0 | 86.00 | 339.00 | 425.00 | NOTE | |
r-oldrel-macos-arm64 | 0.10.0 | 190.00 | NOTE | |||
r-oldrel-macos-x86_64 | 0.10.0 | 297.00 | NOTE | |||
r-oldrel-windows-x86_64 | 0.10.0 | 100.00 | 464.00 | 564.00 | NOTE |
Version: 0.10.0
Check: C++ specification
Result: NOTE
Specified C++14: please drop specification unless essential
Flavors: r-devel-linux-x86_64-debian-clang, r-devel-linux-x86_64-debian-gcc, r-devel-linux-x86_64-fedora-clang, r-devel-linux-x86_64-fedora-gcc, r-devel-windows-x86_64, r-patched-linux-x86_64, r-release-linux-x86_64, r-release-macos-arm64, r-release-macos-x86_64, r-release-windows-x86_64, r-oldrel-macos-arm64, r-oldrel-macos-x86_64, r-oldrel-windows-x86_64
Version: 0.10.0
Check: installed package size
Result: NOTE
installed size is 7.5Mb
sub-directories of 1Mb or more:
libs 6.6Mb
Flavors: r-oldrel-macos-arm64, r-oldrel-macos-x86_64