CRAN Package Check Results for Package excessmort

Last updated on 2024-06-16 08:55:50 CEST.

Flavor Version Tinstall Tcheck Ttotal Status Flags
r-devel-linux-x86_64-debian-clang 0.7.0 23.49 187.29 210.78 OK
r-devel-linux-x86_64-debian-gcc 0.7.0 19.91 133.12 153.03 OK
r-devel-linux-x86_64-fedora-clang 0.7.0 261.67 NOTE
r-devel-linux-x86_64-fedora-gcc 0.7.0 260.29 NOTE
r-devel-windows-x86_64 0.7.0 22.00 148.00 170.00 OK
r-patched-linux-x86_64 0.7.0 24.21 174.30 198.51 OK
r-release-linux-x86_64 0.7.0 19.00 172.13 191.13 OK
r-release-macos-arm64 0.7.0 83.00 NOTE
r-release-macos-x86_64 0.7.0 120.00 NOTE
r-release-windows-x86_64 0.7.0 22.00 148.00 170.00 OK
r-oldrel-macos-arm64 0.7.0 88.00 NOTE
r-oldrel-macos-x86_64 0.7.0 198.00 NOTE
r-oldrel-windows-x86_64 0.7.0 28.00 170.00 198.00 OK

Check Details

Version: 0.7.0
Check: data for non-ASCII characters
Result: NOTE Note: found 342 marked UTF-8 strings Flavors: r-devel-linux-x86_64-fedora-clang, r-devel-linux-x86_64-fedora-gcc

Version: 0.7.0
Check: installed package size
Result: NOTE installed size is 5.4Mb sub-directories of 1Mb or more: data 4.7Mb Flavors: r-release-macos-arm64, r-release-macos-x86_64, r-oldrel-macos-arm64, r-oldrel-macos-x86_64