Last updated on 2024-08-31 22:49:38 CEST.
Flavor | Version | Tinstall | Tcheck | Ttotal | Status | Flags |
---|---|---|---|---|---|---|
r-devel-linux-x86_64-debian-clang | 0.3.10 | 8.13 | 72.18 | 80.31 | OK | |
r-devel-linux-x86_64-debian-gcc | 0.3.10 | 6.61 | 51.08 | 57.69 | OK | |
r-devel-linux-x86_64-fedora-clang | 0.3.10 | 132.34 | OK | |||
r-devel-linux-x86_64-fedora-gcc | 0.3.10 | 131.32 | OK | |||
r-devel-windows-x86_64 | 0.3.10 | 11.00 | 83.00 | 94.00 | OK | |
r-patched-linux-x86_64 | 0.3.10 | 8.65 | 67.69 | 76.34 | OK | |
r-release-linux-x86_64 | 0.3.10 | 8.77 | 68.68 | 77.45 | NOTE | |
r-release-macos-arm64 | 0.3.10 | 45.00 | OK | |||
r-release-macos-x86_64 | 0.3.10 | 66.00 | OK | |||
r-release-windows-x86_64 | 0.3.10 | 10.00 | 81.00 | 91.00 | OK | |
r-oldrel-macos-arm64 | 0.3.10 | 42.00 | OK | |||
r-oldrel-macos-x86_64 | 0.3.10 | 86.00 | OK | |||
r-oldrel-windows-x86_64 | 0.3.10 | 14.00 | 102.00 | 116.00 | OK |
Version: 0.3.10
Check: package dependencies
Result: NOTE
Package suggested but not available for checking: ‘quanteda.textmodels’
Flavor: r-release-linux-x86_64
Version: 0.3.10
Check: Rd cross-references
Result: NOTE
Unknown package ‘quanteda.textmodels’ in Rd xrefs
Flavor: r-release-linux-x86_64