CRAN Package Check Results for Package extractFAERS

Last updated on 2025-04-30 00:49:43 CEST.

Flavor Version Tinstall Tcheck Ttotal Status Flags
r-devel-linux-x86_64-debian-clang 0.1.2 4.32 34.77 39.09 NOTE
r-devel-linux-x86_64-debian-gcc 0.1.2 2.86 25.54 28.40 NOTE
r-devel-linux-x86_64-fedora-clang 0.1.2 60.10 OK
r-devel-linux-x86_64-fedora-gcc 0.1.2 57.63 OK
r-devel-windows-x86_64 0.1.2 6.00 78.00 84.00 OK
r-patched-linux-x86_64 0.1.2 3.65 32.67 36.32 OK
r-release-linux-x86_64 0.1.2 3.79 32.31 36.10 OK
r-release-macos-arm64 0.1.2 34.00 OK
r-release-macos-x86_64 0.1.2 58.00 OK
r-release-windows-x86_64 0.1.2 6.00 77.00 83.00 OK
r-oldrel-macos-arm64 0.1.2 38.00 OK
r-oldrel-macos-x86_64 0.1.2 62.00 OK
r-oldrel-windows-x86_64 0.1.2 6.00 93.00 99.00 OK

Check Details

Version: 0.1.2
Check: examples
Result: NOTE Examples with CPU (user + system) or elapsed time > 5s user system elapsed extract1PSFAERS 0.388 0.014 15.611 filterbyoccpFAERS 0.155 0.034 15.202 timetodayFAERS 0.146 0.024 16.369 Flavor: r-devel-linux-x86_64-debian-clang

Version: 0.1.2
Check: examples
Result: NOTE Examples with CPU (user + system) or elapsed time > 5s user system elapsed extract1PSFAERS 0.335 0.129 9.996 filterbyoccpFAERS 0.117 0.027 9.582 timetodayFAERS 0.116 0.026 10.773 Flavor: r-devel-linux-x86_64-debian-gcc