Last updated on 2023-12-09 07:49:31 CET.
Flavor | Version | Tinstall | Tcheck | Ttotal | Status | Flags |
---|---|---|---|---|---|---|
r-devel-linux-x86_64-debian-clang | 1.0.1 | 45.93 | 81.16 | 127.09 | NOTE | |
r-devel-linux-x86_64-debian-gcc | 1.0.1 | 31.62 | 60.43 | 92.05 | NOTE | |
r-devel-linux-x86_64-fedora-clang | 1.0.1 | 178.08 | OK | |||
r-devel-linux-x86_64-fedora-gcc | 1.0.1 | 175.36 | OK | |||
r-devel-windows-x86_64 | 1.0.1 | 39.00 | 98.00 | 137.00 | OK | |
r-patched-linux-x86_64 | 1.0.1 | 39.43 | 76.20 | 115.63 | OK | |
r-release-linux-x86_64 | 1.0.1 | 29.25 | 74.98 | 104.23 | OK | |
r-release-macos-arm64 | 1.0.1 | 57.00 | OK | |||
r-release-macos-x86_64 | 1.0.1 | 90.00 | OK | |||
r-release-windows-x86_64 | 1.0.1 | 50.00 | 118.00 | 168.00 | OK | |
r-oldrel-macos-arm64 | 1.0.1 | 54.00 | OK | |||
r-oldrel-macos-x86_64 | 1.0.1 | 68.00 | OK | |||
r-oldrel-windows-x86_64 | 1.0.1 | 46.00 | 120.00 | 166.00 | OK |
Version: 1.0.1
Check: Rd files
Result: NOTE
checkRd: (-1) read_edf.Rd:32: Lost braces
32 | code{TRUE}}
| ^
checkRd: (-1) read_edf.Rd:35: Lost braces
35 | code{TRUE}}
| ^
Flavors: r-devel-linux-x86_64-debian-clang, r-devel-linux-x86_64-debian-gcc