Last updated on 2024-08-31 22:49:38 CEST.
Flavor | Version | Tinstall | Tcheck | Ttotal | Status | Flags |
---|---|---|---|---|---|---|
r-devel-linux-x86_64-debian-clang | 0.1.5 | 7.40 | 52.52 | 59.92 | NOTE | |
r-devel-linux-x86_64-debian-gcc | 0.1.5 | 5.00 | 37.67 | 42.67 | NOTE | |
r-devel-linux-x86_64-fedora-clang | 0.1.5 | 97.31 | NOTE | |||
r-devel-linux-x86_64-fedora-gcc | 0.1.5 | 88.31 | NOTE | |||
r-devel-windows-x86_64 | 0.1.5 | 9.00 | 66.00 | 75.00 | NOTE | |
r-patched-linux-x86_64 | 0.1.5 | 6.80 | 48.01 | 54.81 | NOTE | |
r-release-linux-x86_64 | 0.1.5 | 6.37 | 48.79 | 55.16 | NOTE | |
r-release-macos-arm64 | 0.1.5 | 30.00 | NOTE | |||
r-release-macos-x86_64 | 0.1.5 | 42.00 | NOTE | |||
r-release-windows-x86_64 | 0.1.5 | 9.00 | 69.00 | 78.00 | NOTE | |
r-oldrel-macos-arm64 | 0.1.5 | 30.00 | NOTE | |||
r-oldrel-macos-x86_64 | 0.1.5 | 44.00 | NOTE | |||
r-oldrel-windows-x86_64 | 0.1.5 | 11.00 | 78.00 | 89.00 | NOTE |
Version: 0.1.5
Check: LazyData
Result: NOTE
'LazyData' is specified without a 'data' directory
Flavors: r-devel-linux-x86_64-debian-clang, r-devel-linux-x86_64-debian-gcc, r-devel-linux-x86_64-fedora-clang, r-devel-linux-x86_64-fedora-gcc, r-devel-windows-x86_64, r-patched-linux-x86_64, r-release-linux-x86_64, r-release-macos-arm64, r-release-macos-x86_64, r-release-windows-x86_64, r-oldrel-macos-arm64, r-oldrel-macos-x86_64, r-oldrel-windows-x86_64