Last updated on 2024-05-02 13:49:55 CEST.
Flavor | Version | Tinstall | Tcheck | Ttotal | Status | Flags |
---|---|---|---|---|---|---|
r-devel-linux-x86_64-debian-clang | 0.1.0 | 7.85 | 156.79 | 164.64 | NOTE | |
r-devel-linux-x86_64-debian-gcc | 0.1.0 | 7.25 | 114.23 | 121.48 | NOTE | |
r-devel-linux-x86_64-fedora-clang | 0.1.0 | 203.19 | NOTE | |||
r-devel-linux-x86_64-fedora-gcc | 0.1.0 | 188.78 | NOTE | |||
r-devel-windows-x86_64 | 0.1.0 | 9.00 | 130.00 | 139.00 | NOTE | |
r-patched-linux-x86_64 | 0.1.0 | 0.52 | 2.31 | 2.83 | ERROR | |
r-release-linux-x86_64 | 0.1.0 | 0.36 | 2.07 | 2.43 | ERROR | |
r-release-macos-arm64 | 0.1.0 | 55.00 | NOTE | |||
r-release-windows-x86_64 | 0.1.0 | 8.00 | 127.00 | 135.00 | NOTE | |
r-oldrel-macos-arm64 | 0.1.0 | 58.00 | NOTE | |||
r-oldrel-macos-x86_64 | 0.1.0 | 84.00 | NOTE | |||
r-oldrel-windows-x86_64 | 0.1.0 | 12.00 | 153.00 | 165.00 | NOTE |
Version: 0.1.0
Check: LazyData
Result: NOTE
'LazyData' is specified without a 'data' directory
Flavors: r-devel-linux-x86_64-debian-clang, r-devel-linux-x86_64-debian-gcc, r-devel-linux-x86_64-fedora-clang, r-devel-linux-x86_64-fedora-gcc, r-devel-windows-x86_64, r-release-macos-arm64, r-release-windows-x86_64, r-oldrel-macos-arm64, r-oldrel-macos-x86_64, r-oldrel-windows-x86_64
Version: 0.1.0
Check: Rd cross-references
Result: NOTE
Undeclared package ‘tibble’ in Rd xrefs
Flavor: r-devel-linux-x86_64-fedora-clang
Version: 0.1.0
Check: package dependencies
Result: ERROR
Package required but not available: ‘prophet’
See section ‘The DESCRIPTION file’ in the ‘Writing R Extensions’
manual.
Flavors: r-patched-linux-x86_64, r-release-linux-x86_64