Last updated on 2025-04-30 06:51:17 CEST.
Flavor | Version | Tinstall | Tcheck | Ttotal | Status | Flags |
---|---|---|---|---|---|---|
r-devel-linux-x86_64-debian-clang | 0.1.0 | 8.22 | 126.80 | 135.02 | NOTE | |
r-devel-linux-x86_64-debian-gcc | 0.1.0 | 5.90 | 89.95 | 95.85 | OK | |
r-devel-linux-x86_64-fedora-clang | 0.1.0 | 216.46 | OK | |||
r-devel-linux-x86_64-fedora-gcc | 0.1.0 | 204.94 | OK | |||
r-devel-windows-x86_64 | 0.1.0 | 9.00 | 142.00 | 151.00 | OK | |
r-patched-linux-x86_64 | 0.1.0 | 8.05 | 118.93 | 126.98 | OK | |
r-release-linux-x86_64 | 0.1.0 | 7.17 | 118.58 | 125.75 | OK | |
r-release-macos-arm64 | 0.1.0 | 58.00 | OK | |||
r-release-macos-x86_64 | 0.1.0 | 122.00 | OK | |||
r-release-windows-x86_64 | 0.1.0 | 9.00 | 137.00 | 146.00 | OK | |
r-oldrel-macos-arm64 | 0.1.0 | 55.00 | NOTE | |||
r-oldrel-macos-x86_64 | 0.1.0 | 84.00 | NOTE | |||
r-oldrel-windows-x86_64 | 0.1.0 | 11.00 | 172.00 | 183.00 | NOTE |
Version: 0.1.0
Check: examples
Result: NOTE
Examples with CPU (user + system) or elapsed time > 5s
user system elapsed
prophet 5.525 0.214 6.665
Flavor: r-devel-linux-x86_64-debian-clang
Version: 0.1.0
Check: LazyData
Result: NOTE
'LazyData' is specified without a 'data' directory
Flavors: r-oldrel-macos-arm64, r-oldrel-macos-x86_64, r-oldrel-windows-x86_64