Last updated on 2024-08-31 22:49:38 CEST.
Flavor | Version | Tinstall | Tcheck | Ttotal | Status | Flags |
---|---|---|---|---|---|---|
r-devel-linux-x86_64-debian-clang | 0.1.0 | 7.63 | 72.37 | 80.00 | OK | |
r-devel-linux-x86_64-debian-gcc | 0.1.0 | 5.85 | 48.02 | 53.87 | OK | |
r-devel-linux-x86_64-fedora-clang | 0.1.0 | 126.35 | NOTE | |||
r-devel-linux-x86_64-fedora-gcc | 0.1.0 | 122.52 | NOTE | |||
r-devel-windows-x86_64 | 0.1.0 | 10.00 | 80.00 | 90.00 | OK | |
r-patched-linux-x86_64 | 0.1.0 | 6.56 | 64.32 | 70.88 | OK | |
r-release-linux-x86_64 | 0.1.0 | 7.48 | 64.77 | 72.25 | OK | |
r-release-macos-arm64 | 0.1.0 | 35.00 | OK | |||
r-release-macos-x86_64 | 0.1.0 | 53.00 | OK | |||
r-release-windows-x86_64 | 0.1.0 | 9.00 | 93.00 | 102.00 | OK | |
r-oldrel-macos-arm64 | 0.1.0 | 38.00 | OK | |||
r-oldrel-macos-x86_64 | 0.1.0 | 106.00 | OK | |||
r-oldrel-windows-x86_64 | 0.1.0 | 12.00 | 93.00 | 105.00 | OK |
Version: 0.1.0
Check: dependencies in R code
Result: NOTE
Namespace in Imports field not imported from: ‘tsibbledata’
All declared Imports should be used.
Flavors: r-devel-linux-x86_64-fedora-clang, r-devel-linux-x86_64-fedora-gcc