Last updated on 2023-09-28 08:58:50 CEST.
Flavor | Version | Tinstall | Tcheck | Ttotal | Status | Flags |
---|---|---|---|---|---|---|
r-devel-linux-x86_64-debian-clang | 1.2.2 | 16.21 | 147.41 | 163.62 | NOTE | |
r-devel-linux-x86_64-debian-gcc | 1.2.2 | 13.70 | 109.99 | 123.69 | NOTE | |
r-devel-linux-x86_64-fedora-clang | 1.2.2 | 197.68 | NOTE | |||
r-devel-linux-x86_64-fedora-gcc | 1.2.2 | 213.36 | NOTE | |||
r-devel-windows-x86_64 | 1.2.2 | 19.00 | 142.00 | 161.00 | NOTE | |
r-patched-linux-x86_64 | 1.2.2 | 23.10 | 142.60 | 165.70 | NOTE | |
r-release-linux-x86_64 | 1.2.2 | 12.17 | 140.56 | 152.73 | NOTE | |
r-release-macos-arm64 | 1.2.2 | 71.00 | NOTE | |||
r-release-macos-x86_64 | 1.2.2 | 132.00 | NOTE | |||
r-release-windows-x86_64 | 1.2.2 | 25.00 | 178.00 | 203.00 | NOTE | |
r-oldrel-macos-arm64 | 1.2.2 | 64.00 | OK | |||
r-oldrel-macos-x86_64 | 1.2.2 | 107.00 | OK | |||
r-oldrel-windows-x86_64 | 1.2.2 | 23.00 | 173.00 | 196.00 | OK |
Version: 1.2.2
Check: Rd files
Result: NOTE
checkRd: (-1) Scent.Rd:37: Escaped LaTeX specials: \&
checkRd: (-1) Traffic.Rd:44: Escaped LaTeX specials: \&
Flavors: r-devel-linux-x86_64-debian-clang, r-devel-linux-x86_64-debian-gcc, r-devel-linux-x86_64-fedora-clang, r-devel-linux-x86_64-fedora-gcc, r-devel-windows-x86_64, r-patched-linux-x86_64, r-release-linux-x86_64, r-release-macos-arm64, r-release-macos-x86_64, r-release-windows-x86_64
Version: 1.2.2
Check: Rd metadata
Result: NOTE
Invalid package aliases in Rd file 'fastR-package.Rd':
‘fastR-package’
Flavors: r-devel-linux-x86_64-debian-clang, r-devel-linux-x86_64-debian-gcc, r-devel-linux-x86_64-fedora-clang, r-devel-linux-x86_64-fedora-gcc, r-devel-windows-x86_64