CRAN Package Check Results for Package fastRhockey

Last updated on 2025-04-29 10:50:34 CEST.

Flavor Version Tinstall Tcheck Ttotal Status Flags
r-devel-linux-x86_64-debian-clang 0.4.0 10.13 72.90 83.03 NOTE
r-devel-linux-x86_64-debian-gcc 0.4.0 6.38 49.94 56.32 NOTE
r-devel-linux-x86_64-fedora-clang 0.4.0 122.33 NOTE
r-devel-linux-x86_64-fedora-gcc 0.4.0 113.58 NOTE
r-devel-windows-x86_64 0.4.0 11.00 91.00 102.00 NOTE
r-patched-linux-x86_64 0.4.0 9.56 64.64 74.20 NOTE
r-release-linux-x86_64 0.4.0 9.12 64.30 73.42 NOTE
r-release-macos-arm64 0.4.0 37.00 NOTE
r-release-macos-x86_64 0.4.0 76.00 NOTE
r-release-windows-x86_64 0.4.0 13.00 99.00 112.00 NOTE
r-oldrel-macos-arm64 0.4.0 27.00 NOTE
r-oldrel-macos-x86_64 0.4.0 45.00 NOTE
r-oldrel-windows-x86_64 0.4.0 13.00 106.00 119.00 NOTE

Check Details

Version: 0.4.0
Check: Rd files
Result: NOTE checkRd: (-1) update_nhl_db.Rd:51-53: Lost braces in \itemize; meant \describe ? checkRd: (-1) update_nhl_db.Rd:54-57: Lost braces in \itemize; meant \describe ? checkRd: (-1) update_phf_db.Rd:51-53: Lost braces in \itemize; meant \describe ? checkRd: (-1) update_phf_db.Rd:54-57: Lost braces in \itemize; meant \describe ? Flavors: r-devel-linux-x86_64-debian-clang, r-devel-linux-x86_64-debian-gcc, r-devel-linux-x86_64-fedora-clang, r-devel-linux-x86_64-fedora-gcc, r-devel-windows-x86_64, r-patched-linux-x86_64, r-release-linux-x86_64, r-release-macos-arm64, r-release-macos-x86_64, r-release-windows-x86_64, r-oldrel-macos-arm64, r-oldrel-macos-x86_64, r-oldrel-windows-x86_64