Last updated on 2023-12-09 07:49:31 CET.
Flavor | Version | Tinstall | Tcheck | Ttotal | Status | Flags |
---|---|---|---|---|---|---|
r-devel-linux-x86_64-debian-clang | 0.5.2 | 64.32 | 56.34 | 120.66 | NOTE | |
r-devel-linux-x86_64-debian-gcc | 0.5.2 | 56.89 | 41.93 | 98.82 | NOTE | |
r-devel-linux-x86_64-fedora-clang | 0.5.2 | 159.71 | OK | |||
r-devel-linux-x86_64-fedora-gcc | 0.5.2 | 164.77 | OK | |||
r-devel-windows-x86_64 | 0.5.2 | 51.00 | 60.00 | 111.00 | OK | |
r-patched-linux-x86_64 | 0.5.2 | 66.35 | 54.75 | 121.10 | OK | |
r-release-linux-x86_64 | 0.5.2 | 62.73 | 53.67 | 116.40 | OK | |
r-release-macos-arm64 | 0.5.2 | 48.00 | OK | |||
r-release-macos-x86_64 | 0.5.2 | 143.00 | OK | |||
r-release-windows-x86_64 | 0.5.2 | 59.00 | 68.00 | 127.00 | OK | |
r-oldrel-macos-arm64 | 0.5.2 | 44.00 | OK | |||
r-oldrel-macos-x86_64 | 0.5.2 | 58.00 | OK | |||
r-oldrel-windows-x86_64 | 0.5.2 | 74.00 | 71.00 | 145.00 | OK |
Version: 0.5.2
Check: Rd files
Result: NOTE
checkRd: (-1) Error-Classes.Rd:107-119: Lost braces
107 | \item \code{do_verbose(response, template)} {
| ^
checkRd: (-1) Error.Rd:33-45: Lost braces
33 | \item \code{do(response, mssg)} {
| ^
Flavors: r-devel-linux-x86_64-debian-clang, r-devel-linux-x86_64-debian-gcc