Last updated on 2023-05-30 20:58:46 CEST.
Flavor | Version | Tinstall | Tcheck | Ttotal | Status | Flags |
---|---|---|---|---|---|---|
r-devel-linux-x86_64-debian-clang | 1.1.14 | 7.40 | 115.06 | 122.46 | NOTE | |
r-devel-linux-x86_64-debian-gcc | 1.1.14 | 5.20 | 84.84 | 90.04 | NOTE | |
r-devel-linux-x86_64-fedora-clang | 1.1.14 | 148.59 | NOTE | |||
r-devel-linux-x86_64-fedora-gcc | 1.1.14 | 139.54 | NOTE | |||
r-devel-windows-x86_64 | 1.1.14 | 7.00 | 107.00 | 114.00 | NOTE | |
r-patched-linux-x86_64 | 1.1.14 | 13.58 | 108.72 | 122.30 | NOTE | |
r-release-linux-x86_64 | 1.1.14 | 4.35 | 108.62 | 112.97 | NOTE | |
r-release-macos-arm64 | 1.1.14 | 44.00 | NOTE | |||
r-release-macos-x86_64 | 1.1.14 | 71.00 | NOTE | |||
r-release-windows-x86_64 | 1.1.14 | 8.00 | 125.00 | 133.00 | NOTE | |
r-oldrel-macos-arm64 | 1.1.14 | 43.00 | NOTE | |||
r-oldrel-macos-x86_64 | 1.1.14 | 87.00 | NOTE | |||
r-oldrel-windows-x86_64 | 1.1.14 | 9.00 | 137.00 | 146.00 | NOTE |
Version: 1.1.14
Check: LazyData
Result: NOTE
'LazyData' is specified without a 'data' directory
Flavors: r-devel-linux-x86_64-debian-clang, r-devel-linux-x86_64-debian-gcc, r-devel-linux-x86_64-fedora-clang, r-devel-linux-x86_64-fedora-gcc, r-devel-windows-x86_64, r-patched-linux-x86_64, r-release-linux-x86_64, r-release-macos-arm64, r-release-macos-x86_64, r-release-windows-x86_64, r-oldrel-macos-arm64, r-oldrel-macos-x86_64, r-oldrel-windows-x86_64