Last updated on 2024-03-28 16:48:32 CET.
Flavor | Version | Tinstall | Tcheck | Ttotal | Status | Flags |
---|---|---|---|---|---|---|
r-devel-linux-x86_64-debian-clang | 1.1.4 | 6.93 | 59.23 | 66.16 | NOTE | |
r-devel-linux-x86_64-debian-gcc | 1.1.4 | 5.95 | 45.88 | 51.83 | NOTE | |
r-devel-linux-x86_64-fedora-clang | 1.1.4 | 84.07 | NOTE | |||
r-devel-linux-x86_64-fedora-gcc | 1.1.4 | 79.41 | NOTE | |||
r-devel-windows-x86_64 | 1.1.4 | 7.00 | 64.00 | 71.00 | NOTE | |
r-patched-linux-x86_64 | 1.1.4 | 6.05 | 57.31 | 63.36 | NOTE | |
r-release-linux-x86_64 | 1.1.4 | 4.63 | 56.46 | 61.09 | NOTE | |
r-release-macos-arm64 | 1.1.4 | 28.00 | NOTE | |||
r-release-macos-x86_64 | 1.1.4 | 49.00 | NOTE | |||
r-release-windows-x86_64 | 1.1.4 | 9.00 | 75.00 | 84.00 | NOTE | |
r-oldrel-macos-arm64 | 1.1.4 | 28.00 | NOTE | |||
r-oldrel-windows-x86_64 | 1.1.4 | 10.00 | 79.00 | 89.00 | NOTE |
Version: 1.1.4
Check: LazyData
Result: NOTE
'LazyData' is specified without a 'data' directory
Flavors: r-devel-linux-x86_64-debian-clang, r-devel-linux-x86_64-debian-gcc, r-devel-linux-x86_64-fedora-clang, r-devel-linux-x86_64-fedora-gcc, r-devel-windows-x86_64, r-patched-linux-x86_64, r-release-linux-x86_64, r-release-macos-arm64, r-release-macos-x86_64, r-release-windows-x86_64, r-oldrel-macos-arm64, r-oldrel-windows-x86_64