Last updated on 2025-02-04 16:49:11 CET.
Flavor | Version | Tinstall | Tcheck | Ttotal | Status | Flags |
---|---|---|---|---|---|---|
r-devel-linux-x86_64-debian-clang | 1.0.0 | 9.27 | 174.18 | 183.45 | NOTE | |
r-devel-linux-x86_64-debian-gcc | 1.0.0 | 7.65 | 128.85 | 136.50 | NOTE | |
r-devel-linux-x86_64-fedora-clang | 1.0.0 | 298.26 | NOTE | |||
r-devel-linux-x86_64-fedora-gcc | 1.0.0 | 291.59 | NOTE | |||
r-devel-windows-x86_64 | 1.0.0 | 12.00 | 278.00 | 290.00 | NOTE | |
r-patched-linux-x86_64 | 1.0.0 | 9.62 | 160.82 | 170.44 | OK | |
r-release-linux-x86_64 | 1.0.0 | 10.13 | 161.20 | 171.33 | OK | |
r-release-macos-arm64 | 1.0.0 | 88.00 | OK | |||
r-release-macos-x86_64 | 1.0.0 | 250.00 | OK | |||
r-release-windows-x86_64 | 1.0.0 | 12.00 | 275.00 | 287.00 | OK | |
r-oldrel-macos-arm64 | 1.0.0 | 103.00 | OK | |||
r-oldrel-macos-x86_64 | 1.0.0 | 152.00 | OK | |||
r-oldrel-windows-x86_64 | 1.0.0 | 16.00 | 280.00 | 296.00 | OK |
Version: 1.0.0
Check: Rd cross-references
Result: NOTE
Found the following Rd file(s) with Rd \link{} targets missing package
anchors:
fic.survreg.Rd: survreg
Please provide package anchors for all Rd \link{} targets not in the
package itself and the base packages.
Flavors: r-devel-linux-x86_64-debian-clang, r-devel-linux-x86_64-debian-gcc, r-devel-windows-x86_64
Version: 1.0.0
Check: dependencies in R code
Result: NOTE
Namespace in Imports field not imported from: ‘numDeriv’
All declared Imports should be used.
Flavors: r-devel-linux-x86_64-fedora-clang, r-devel-linux-x86_64-fedora-gcc