Last updated on 2024-04-28 08:54:48 CEST.
Flavor | Version | Tinstall | Tcheck | Ttotal | Status | Flags |
---|---|---|---|---|---|---|
r-devel-linux-x86_64-debian-clang | 0.1.2 | 5.35 | 41.99 | 47.34 | OK | |
r-devel-linux-x86_64-debian-gcc | 0.1.2 | 4.94 | 32.55 | 37.49 | OK | |
r-devel-linux-x86_64-fedora-clang | 0.1.2 | 60.44 | NOTE | |||
r-devel-linux-x86_64-fedora-gcc | 0.1.2 | 59.69 | NOTE | |||
r-devel-windows-x86_64 | 0.1.2 | 7.00 | 53.00 | 60.00 | OK | |
r-patched-linux-x86_64 | 0.1.2 | 6.06 | 41.37 | 47.43 | OK | |
r-release-linux-x86_64 | 0.1.2 | 4.76 | 41.18 | 45.94 | OK | |
r-release-macos-arm64 | 0.1.2 | 22.00 | OK | |||
r-release-windows-x86_64 | 0.1.2 | 8.00 | 52.00 | 60.00 | OK | |
r-oldrel-macos-arm64 | 0.1.2 | 26.00 | OK | |||
r-oldrel-macos-x86_64 | 0.1.2 | 34.00 | OK | |||
r-oldrel-windows-x86_64 | 0.1.2 | 9.00 | 58.00 | 67.00 | OK |
Version: 0.1.2
Check: dependencies in R code
Result: NOTE
Namespaces in Imports field not imported from:
‘rclipboard’ ‘shinyBS’ ‘shinyWidgets’ ‘shinyjs’
All declared Imports should be used.
Flavors: r-devel-linux-x86_64-fedora-clang, r-devel-linux-x86_64-fedora-gcc