Last updated on 2025-04-30 13:54:14 CEST.
Flavor | Version | Tinstall | Tcheck | Ttotal | Status | Flags |
---|---|---|---|---|---|---|
r-devel-linux-x86_64-debian-clang | 2.1.1 | 4.50 | 111.92 | 116.42 | NOTE | |
r-devel-linux-x86_64-debian-gcc | 2.1.1 | 2.37 | 87.64 | 90.01 | NOTE | |
r-devel-linux-x86_64-fedora-clang | 2.1.1 | 177.23 | OK | |||
r-devel-linux-x86_64-fedora-gcc | 2.1.1 | 188.95 | OK | |||
r-devel-windows-x86_64 | 2.1.1 | 8.00 | 139.00 | 147.00 | OK | |
r-patched-linux-x86_64 | 2.1.1 | 4.97 | 108.78 | 113.75 | OK | |
r-release-linux-x86_64 | 2.1.1 | 3.76 | 108.91 | 112.67 | OK | |
r-release-macos-arm64 | 2.1.1 | 63.00 | OK | |||
r-release-macos-x86_64 | 2.1.1 | 100.00 | OK | |||
r-release-windows-x86_64 | 2.1.1 | 7.00 | 137.00 | 144.00 | OK | |
r-oldrel-macos-arm64 | 2.1.1 | 61.00 | OK | |||
r-oldrel-macos-x86_64 | 2.1.1 | 112.00 | OK | |||
r-oldrel-windows-x86_64 | 2.1.1 | 9.00 | 163.00 | 172.00 | OK |
Version: 2.1.1
Check: examples
Result: NOTE
Examples with CPU (user + system) or elapsed time > 5s
user system elapsed
fst_concept_network_compare 8.246 0.245 6.752
fst_comparison_cloud 4.899 0.142 5.035
Flavor: r-devel-linux-x86_64-debian-clang
Version: 2.1.1
Check: examples
Result: NOTE
Examples with CPU (user + system) or elapsed time > 5s
user system elapsed
fst_concept_network_compare 6.287 0.118 6.423
Flavor: r-devel-linux-x86_64-debian-gcc