CRAN Package Check Results for Package flatxml

Last updated on 2023-12-04 03:53:41 CET.

Flavor Version Tinstall Tcheck Ttotal Status Flags
r-devel-linux-x86_64-debian-clang 0.1.1 3.34 44.61 47.95 NOTE
r-devel-linux-x86_64-debian-gcc 0.1.1 2.41 34.08 36.49 NOTE
r-devel-linux-x86_64-fedora-clang 0.1.1 59.73 NOTE
r-devel-linux-x86_64-fedora-gcc 0.1.1 58.87 NOTE
r-devel-windows-x86_64 0.1.1 4.00 63.00 67.00 NOTE
r-patched-linux-x86_64 0.1.1 3.51 44.31 47.82 NOTE
r-release-linux-x86_64 0.1.1 2.93 44.67 47.60 NOTE
r-release-macos-arm64 0.1.1 23.00 NOTE
r-release-macos-x86_64 0.1.1 31.00 NOTE
r-release-windows-x86_64 0.1.1 5.00 67.00 72.00 NOTE
r-oldrel-macos-arm64 0.1.1 18.00 NOTE
r-oldrel-macos-x86_64 0.1.1 28.00 NOTE
r-oldrel-windows-x86_64 0.1.1 5.00 64.00 69.00 NOTE

Check Details

Version: 0.1.1
Check: LazyData
Result: NOTE 'LazyData' is specified without a 'data' directory Flavors: r-devel-linux-x86_64-debian-clang, r-devel-linux-x86_64-debian-gcc, r-devel-linux-x86_64-fedora-clang, r-devel-linux-x86_64-fedora-gcc, r-devel-windows-x86_64, r-patched-linux-x86_64, r-release-linux-x86_64, r-release-macos-arm64, r-release-macos-x86_64, r-release-windows-x86_64, r-oldrel-macos-arm64, r-oldrel-macos-x86_64, r-oldrel-windows-x86_64

Version: 0.1.1
Check: dependencies in R code
Result: NOTE Namespace in Imports field not imported from: ‘RCurl’ All declared Imports should be used. Flavors: r-devel-linux-x86_64-fedora-clang, r-devel-linux-x86_64-fedora-gcc, r-oldrel-macos-arm64, r-oldrel-macos-x86_64