Last updated on 2024-06-16 00:14:03 CEST.
Flavor | Version | Tinstall | Tcheck | Ttotal | Status | Flags |
---|---|---|---|---|---|---|
r-devel-linux-x86_64-debian-clang | 1.0.0 | 5.32 | 48.09 | 53.41 | OK | |
r-devel-linux-x86_64-debian-gcc | 1.0.0 | 4.12 | 37.02 | 41.14 | OK | |
r-devel-linux-x86_64-fedora-clang | 1.0.0 | 69.02 | NOTE | |||
r-devel-linux-x86_64-fedora-gcc | 1.0.0 | 64.39 | NOTE | |||
r-devel-windows-x86_64 | 1.0.0 | 6.00 | 57.00 | 63.00 | OK | |
r-patched-linux-x86_64 | 1.0.0 | 6.20 | 46.51 | 52.71 | OK | |
r-release-linux-x86_64 | 1.0.0 | 4.50 | 45.81 | 50.31 | OK | |
r-release-macos-arm64 | 1.0.0 | 25.00 | OK | |||
r-release-macos-x86_64 | 1.0.0 | 38.00 | OK | |||
r-release-windows-x86_64 | 1.0.0 | 6.00 | 59.00 | 65.00 | OK | |
r-oldrel-macos-arm64 | 1.0.0 | 30.00 | OK | |||
r-oldrel-macos-x86_64 | 1.0.0 | 52.00 | OK | |||
r-oldrel-windows-x86_64 | 1.0.0 | 8.00 | 63.00 | 71.00 | OK |
Version: 1.0.0
Check: dependencies in R code
Result: NOTE
Namespaces in Imports field not imported from:
‘dplyr’ ‘forrel’ ‘pedtools’ ‘plotly’
All declared Imports should be used.
Flavors: r-devel-linux-x86_64-fedora-clang, r-devel-linux-x86_64-fedora-gcc