Last updated on 2025-04-30 07:55:08 CEST.
Flavor | Version | Tinstall | Tcheck | Ttotal | Status | Flags |
---|---|---|---|---|---|---|
r-devel-linux-x86_64-debian-clang | 0.2.2 | 13.81 | 45.76 | 59.57 | NOTE | |
r-devel-linux-x86_64-debian-gcc | 0.2.2 | 9.60 | 34.44 | 44.04 | NOTE | |
r-devel-linux-x86_64-fedora-clang | 0.2.2 | 97.32 | OK | |||
r-devel-linux-x86_64-fedora-gcc | 0.2.2 | 106.81 | OK | |||
r-devel-windows-x86_64 | 0.2.2 | 18.00 | 78.00 | 96.00 | OK | |
r-patched-linux-x86_64 | 0.2.2 | 13.17 | 43.79 | 56.96 | OK | |
r-release-linux-x86_64 | 0.2.2 | 13.73 | 43.78 | 57.51 | OK | |
r-release-macos-arm64 | 0.2.2 | 54.00 | OK | |||
r-release-macos-x86_64 | 0.2.2 | 64.00 | OK | |||
r-release-windows-x86_64 | 0.2.2 | 18.00 | 79.00 | 97.00 | OK | |
r-oldrel-macos-arm64 | 0.2.2 | 35.00 | OK | |||
r-oldrel-macos-x86_64 | 0.2.2 | 53.00 | OK | |||
r-oldrel-windows-x86_64 | 0.2.2 | 20.00 | 93.00 | 113.00 | OK |
Version: 0.2.2
Check: CRAN incoming feasibility
Result: NOTE
Maintainer: ‘Tom Wilson <tpw2@aber.ac.uk>’
Package CITATION file contains call(s) to old-style personList() or
as.personList(). Please use c() on person objects instead.
Package CITATION file contains call(s) to old-style citEntry(). Please
use bibentry() instead.
The Description field contains
Melanie Ganz (2014) <arXiv:1410.2838>. Methods for calculating the
Please refer to arXiv e-prints via their arXiv DOI <doi:10.48550/arXiv.YYMM.NNNNN>.
Flavors: r-devel-linux-x86_64-debian-clang, r-devel-linux-x86_64-debian-gcc