CRAN Package Check Results for Package formatters

Last updated on 2024-06-19 14:58:41 CEST.

Flavor Version Tinstall Tcheck Ttotal Status Flags
r-devel-linux-x86_64-debian-clang 0.5.6 7.76 136.72 144.48 OK
r-devel-linux-x86_64-debian-gcc 0.5.6 7.32 93.74 101.06 OK
r-devel-linux-x86_64-fedora-clang 0.5.6 180.57 NOTE
r-devel-linux-x86_64-fedora-gcc 0.5.6 176.80 OK
r-devel-windows-x86_64 0.5.6 8.00 118.00 126.00 OK
r-patched-linux-x86_64 0.5.6 9.92 127.81 137.73 OK
r-release-linux-x86_64 0.5.6 11.73 129.78 141.51 OK
r-release-macos-arm64 0.5.6 53.00 OK
r-release-macos-x86_64 0.5.6 83.00 OK
r-release-windows-x86_64 0.5.6 11.00 182.00 193.00 OK
r-oldrel-macos-arm64 0.5.6 56.00 OK
r-oldrel-macos-x86_64 0.5.6 123.00 OK
r-oldrel-windows-x86_64 0.5.6 12.00 140.00 152.00 OK

Check Details

Version: 0.5.6
Check: Rd cross-references
Result: NOTE Undeclared package ‘rtables’ in Rd xrefs Flavor: r-devel-linux-x86_64-fedora-clang