Last updated on 2024-04-19 18:05:27 CEST.
Flavor | Version | Tinstall | Tcheck | Ttotal | Status | Flags |
---|---|---|---|---|---|---|
r-devel-linux-x86_64-debian-clang | 0.5.3 | 6.05 | 84.57 | 90.62 | OK | |
r-devel-linux-x86_64-debian-gcc | 0.5.3 | OK | ||||
r-devel-linux-x86_64-fedora-clang | 0.5.3 | 112.62 | OK | |||
r-devel-linux-x86_64-fedora-gcc | 0.5.3 | 126.77 | OK | |||
r-prerel-macos-arm64 | 0.5.3 | 74.00 | OK | |||
r-prerel-macos-x86_64 | 0.5.3 | 148.00 | OK | |||
r-prerel-windows-x86_64 | 0.5.3 | 11.00 | 145.00 | 156.00 | OK | |
r-patched-linux-x86_64 | 0.5.3 | 8.82 | 80.15 | 88.97 | OK | |
r-release-linux-x86_64 | 0.5.2 | 5.97 | 77.41 | 83.38 | ERROR | |
r-release-macos-arm64 | 0.5.3 | 77.00 | OK | |||
r-release-macos-x86_64 | 0.5.3 | 126.00 | OK | |||
r-release-windows-x86_64 | 0.5.3 | 14.00 | 136.00 | 150.00 | OK | |
r-oldrel-macos-arm64 | 0.5.3 | 74.00 | OK | |||
r-oldrel-windows-x86_64 | 0.5.3 | 15.00 | 135.00 | 150.00 | OK |
Version: 0.5.2
Check: tests
Result: ERROR
Running ‘testthat.R’ [14s/40s]
Running the tests in ‘tests/testthat.R’ failed.
Complete output:
> # This file is part of the standard setup for testthat.
> # It is recommended that you do not modify it.
> #
> # Where should you do additional test configuration?
> # Learn more about the roles of various files in:
> # * https://r-pkgs.org/tests.html
> # * https://testthat.r-lib.org/reference/test_package.html#special-files
>
> library(testthat)
> library(fqar)
>
> test_check("fqar")
[ FAIL 1 | WARN 0 | SKIP 16 | PASS 295 ]
══ Skipped tests (16) ══════════════════════════════════════════════════════════
• On CRAN (16): 'test-download_database.R:10:3',
'test-download_transect.R:10:3', 'test-download_transect_list.R:3:3',
'test-index_fqa_assessments.R:11:3',
'test-index_fqa_assessments_internal.R:11:3',
'test-index_fqa_databases.R:5:3', 'test-index_fqa_databases_internal.R:5:3',
'test-index_fqa_transects.R:11:3',
'test-index_fqa_transects_internal.R:11:3', 'test-species_acronym.R:14:3',
'test-species_c.R:17:3', 'test-species_common_name.R:14:3',
'test-species_nativity.R:14:3', 'test-species_phys.R:14:3',
'test-species_w.R:13:3', 'test-transect_list_inventory.R:9:3'
══ Failed tests ════════════════════════════════════════════════════════════════
── Failure ('test-transect_glance.R:39:5'): transect_glance works ──────────────
`download_transect(7025)` did not throw the expected message.
[ FAIL 1 | WARN 0 | SKIP 16 | PASS 295 ]
Error: Test failures
Execution halted
Flavor: r-release-linux-x86_64