Last updated on 2024-08-31 22:49:39 CEST.
Flavor | Version | Tinstall | Tcheck | Ttotal | Status | Flags |
---|---|---|---|---|---|---|
r-devel-linux-x86_64-debian-clang | 1.0.1 | 23.96 | 115.12 | 139.08 | NOTE | |
r-devel-linux-x86_64-debian-gcc | 1.0.1 | 17.43 | 79.08 | 96.51 | NOTE | |
r-devel-linux-x86_64-fedora-clang | 1.0.1 | 230.70 | NOTE | |||
r-devel-linux-x86_64-fedora-gcc | 1.0.1 | 239.63 | NOTE | |||
r-devel-windows-x86_64 | 1.0.1 | 30.00 | 154.00 | 184.00 | NOTE | |
r-patched-linux-x86_64 | 1.0.1 | 24.20 | 108.41 | 132.61 | NOTE | |
r-release-linux-x86_64 | 1.0.1 | 21.94 | 106.82 | 128.76 | NOTE | |
r-release-macos-arm64 | 1.0.1 | 62.00 | NOTE | |||
r-release-macos-x86_64 | 1.0.1 | 107.00 | NOTE | |||
r-release-windows-x86_64 | 1.0.1 | 27.00 | 159.00 | 186.00 | NOTE | |
r-oldrel-macos-arm64 | 1.0.1 | 78.00 | NOTE | |||
r-oldrel-macos-x86_64 | 1.0.1 | 122.00 | NOTE | |||
r-oldrel-windows-x86_64 | 1.0.1 | 37.00 | 185.00 | 222.00 | NOTE |
Version: 1.0.1
Check: Rd files
Result: NOTE
checkRd: (-1) emfrail_control.Rd:49: Lost braces in \itemize; meant \describe ?
checkRd: (-1) emfrail_control.Rd:50: Lost braces in \itemize; meant \describe ?
checkRd: (-1) emfrail_control.Rd:51: Lost braces in \itemize; meant \describe ?
checkRd: (-1) emfrail_control.Rd:52: Lost braces in \itemize; meant \describe ?
checkRd: (-1) emfrail_control.Rd:53-54: Lost braces in \itemize; meant \describe ?
checkRd: (-1) emfrail_control.Rd:55-57: Lost braces in \itemize; meant \describe ?
Flavors: r-devel-linux-x86_64-debian-clang, r-devel-linux-x86_64-debian-gcc, r-devel-linux-x86_64-fedora-clang, r-devel-linux-x86_64-fedora-gcc, r-devel-windows-x86_64, r-patched-linux-x86_64, r-release-linux-x86_64, r-release-macos-arm64, r-release-macos-x86_64, r-release-windows-x86_64
Version: 1.0.1
Check: LazyData
Result: NOTE
'LazyData' is specified without a 'data' directory
Flavors: r-devel-linux-x86_64-debian-clang, r-devel-linux-x86_64-debian-gcc, r-devel-linux-x86_64-fedora-clang, r-devel-linux-x86_64-fedora-gcc, r-devel-windows-x86_64, r-patched-linux-x86_64, r-release-linux-x86_64, r-release-macos-arm64, r-release-macos-x86_64, r-release-windows-x86_64, r-oldrel-macos-arm64, r-oldrel-macos-x86_64, r-oldrel-windows-x86_64