Last updated on 2025-04-30 01:50:20 CEST.
Flavor | Version | Tinstall | Tcheck | Ttotal | Status | Flags |
---|---|---|---|---|---|---|
r-devel-linux-x86_64-debian-clang | 0.4.5 | 8.45 | 67.62 | 76.07 | NOTE | |
r-devel-linux-x86_64-debian-gcc | 0.4.5 | 5.56 | 46.26 | 51.82 | NOTE | |
r-devel-linux-x86_64-fedora-clang | 0.4.5 | 114.34 | OK | |||
r-devel-linux-x86_64-fedora-gcc | 0.4.5 | 108.58 | OK | |||
r-devel-windows-x86_64 | 0.4.5 | 8.00 | 99.00 | 107.00 | OK | |
r-patched-linux-x86_64 | 0.4.5 | 7.64 | 61.06 | 68.70 | OK | |
r-release-linux-x86_64 | 0.4.5 | 7.39 | 60.66 | 68.05 | OK | |
r-release-macos-arm64 | 0.4.5 | 50.00 | OK | |||
r-release-macos-x86_64 | 0.4.5 | 61.00 | OK | |||
r-release-windows-x86_64 | 0.4.5 | 10.00 | 89.00 | 99.00 | OK | |
r-oldrel-macos-arm64 | 0.4.5 | 32.00 | OK | |||
r-oldrel-macos-x86_64 | 0.4.5 | 53.00 | OK | |||
r-oldrel-windows-x86_64 | 0.4.5 | 11.00 | 98.00 | 109.00 | OK |
Version: 0.4.5
Check: CRAN incoming feasibility
Result: NOTE
Maintainer: ‘Carlos Miranda <carlos.miranda@unavarra.es>’
No Authors@R field in DESCRIPTION.
Please add one, modifying
Authors@R: person(given = "Carlos",
family = "Miranda",
role = c("aut", "cre"),
email = "carlos.miranda@unavarra.es")
as necessary.
Flavors: r-devel-linux-x86_64-debian-clang, r-devel-linux-x86_64-debian-gcc