Last updated on 2023-12-07 00:56:13 CET.
Flavor | Version | Tinstall | Tcheck | Ttotal | Status | Flags |
---|---|---|---|---|---|---|
r-devel-linux-x86_64-debian-clang | 0.9.4.4 | 16.02 | 151.00 | 167.02 | NOTE | |
r-devel-linux-x86_64-debian-gcc | 0.9.4.4 | 14.24 | 111.59 | 125.83 | NOTE | |
r-devel-linux-x86_64-fedora-clang | 0.9.4.4 | 209.41 | NOTE | |||
r-devel-linux-x86_64-fedora-gcc | 0.9.4.4 | 211.89 | NOTE | |||
r-devel-windows-x86_64 | 0.9.4.4 | 16.00 | 131.00 | 147.00 | NOTE | |
r-patched-linux-x86_64 | 0.9.4.4 | 13.23 | 143.26 | 156.49 | NOTE | |
r-release-linux-x86_64 | 0.9.4.4 | 12.99 | 144.50 | 157.49 | NOTE | |
r-release-macos-arm64 | 0.9.4.4 | 73.00 | NOTE | |||
r-release-macos-x86_64 | 0.9.4.4 | 122.00 | NOTE | |||
r-release-windows-x86_64 | 0.9.4.4 | 20.00 | 154.00 | 174.00 | NOTE | |
r-oldrel-macos-arm64 | 0.9.4.4 | 61.00 | NOTE | |||
r-oldrel-macos-x86_64 | 0.9.4.4 | 113.00 | NOTE | |||
r-oldrel-windows-x86_64 | 0.9.4.4 | 20.00 | 162.00 | 182.00 | NOTE |
Version: 0.9.4.4
Check: package dependencies
Result: NOTE
Packages suggested but not available for checking:
'extraTrees', 'foba', 'nodeHarvest', 'obliqueRF', 'relaxo', 'rrlda'
Flavors: r-devel-linux-x86_64-debian-clang, r-devel-linux-x86_64-debian-gcc, r-devel-linux-x86_64-fedora-clang, r-devel-linux-x86_64-fedora-gcc, r-devel-windows-x86_64, r-patched-linux-x86_64, r-release-linux-x86_64, r-release-macos-arm64, r-release-macos-x86_64, r-release-windows-x86_64, r-oldrel-windows-x86_64
Version: 0.9.4.4
Check: package dependencies
Result: NOTE
Packages suggested but not available for checking: 'foba', 'rrlda'
Flavor: r-oldrel-macos-arm64
Version: 0.9.4.4
Check: package dependencies
Result: NOTE
Packages suggested but not available for checking:
'extraTrees', 'foba', 'rrlda', 'RWeka'
Flavor: r-oldrel-macos-x86_64