CRAN Package Check Results for Package fuel

Last updated on 2023-06-03 12:56:52 CEST.

Flavor Version Tinstall Tcheck Ttotal Status Flags
r-devel-linux-x86_64-debian-clang 1.2.0 3.87 28.45 32.32 NOTE
r-devel-linux-x86_64-debian-gcc 1.2.0 2.63 22.06 24.69 NOTE
r-devel-linux-x86_64-fedora-clang 1.2.0 40.20 NOTE
r-devel-linux-x86_64-fedora-gcc 1.2.0 37.74 NOTE
r-devel-windows-x86_64 1.2.0 5.00 49.00 54.00 NOTE
r-patched-linux-x86_64 1.2.0 NOTE
r-release-linux-x86_64 1.2.0 3.15 27.49 30.64 NOTE
r-release-macos-arm64 1.2.0 18.00 NOTE
r-release-macos-x86_64 1.2.0 23.00 NOTE
r-release-windows-x86_64 1.2.0 4.00 57.00 61.00 NOTE
r-oldrel-macos-arm64 1.2.0 21.00 NOTE
r-oldrel-macos-x86_64 1.2.0 22.00 NOTE
r-oldrel-windows-x86_64 1.2.0 6.00 56.00 62.00 NOTE

Check Details

Version: 1.2.0
Check: LazyData
Result: NOTE
     'LazyData' is specified without a 'data' directory
Flavors: r-devel-linux-x86_64-debian-clang, r-devel-linux-x86_64-debian-gcc, r-devel-linux-x86_64-fedora-clang, r-devel-linux-x86_64-fedora-gcc, r-devel-windows-x86_64, r-patched-linux-x86_64, r-release-linux-x86_64, r-release-macos-arm64, r-release-macos-x86_64, r-release-windows-x86_64, r-oldrel-macos-arm64, r-oldrel-macos-x86_64, r-oldrel-windows-x86_64