CRAN Package Check Results for Package fwsim

Last updated on 2023-09-29 14:53:52 CEST.

Flavor Version Tinstall Tcheck Ttotal Status Flags
r-devel-linux-x86_64-debian-clang 0.3.4 58.33 31.99 90.32 NOTE
r-devel-linux-x86_64-debian-gcc 0.3.4 37.34 25.18 62.52 NOTE
r-devel-linux-x86_64-fedora-clang 0.3.4 139.55 NOTE
r-devel-linux-x86_64-fedora-gcc 0.3.4 128.76 NOTE
r-devel-windows-x86_64 0.3.4 43.00 63.00 106.00 NOTE
r-patched-linux-x86_64 0.3.4 54.78 31.76 86.54 NOTE
r-release-linux-x86_64 0.3.4 55.96 32.08 88.04 NOTE
r-release-macos-arm64 0.3.4 35.00 NOTE
r-release-macos-x86_64 0.3.4 56.00 NOTE
r-release-windows-x86_64 0.3.4 44.00 72.00 116.00 NOTE
r-oldrel-macos-arm64 0.3.4 36.00 OK
r-oldrel-macos-x86_64 0.3.4 43.00 OK
r-oldrel-windows-x86_64 0.3.4 59.00 70.00 129.00 OK

Check Details

Version: 0.3.4
Check: C++ specification
Result: NOTE
     Specified C++11: please drop specification unless essential
Flavors: r-devel-linux-x86_64-debian-clang, r-devel-linux-x86_64-debian-gcc, r-devel-linux-x86_64-fedora-clang, r-devel-linux-x86_64-fedora-gcc, r-devel-windows-x86_64, r-patched-linux-x86_64, r-release-linux-x86_64, r-release-macos-arm64, r-release-macos-x86_64, r-release-windows-x86_64