Last updated on 2024-03-28 16:48:33 CET.
Flavor | Version | Tinstall | Tcheck | Ttotal | Status | Flags |
---|---|---|---|---|---|---|
r-devel-linux-x86_64-debian-clang | 0.3.4 | 55.03 | 32.65 | 87.68 | NOTE | |
r-devel-linux-x86_64-debian-gcc | 0.3.4 | 46.33 | 25.31 | 71.64 | NOTE | |
r-devel-linux-x86_64-fedora-clang | 0.3.4 | 138.49 | NOTE | |||
r-devel-linux-x86_64-fedora-gcc | 0.3.4 | 134.20 | NOTE | |||
r-devel-windows-x86_64 | 0.3.4 | 44.00 | 70.00 | 114.00 | NOTE | |
r-patched-linux-x86_64 | 0.3.4 | 54.09 | 32.00 | 86.09 | NOTE | |
r-release-linux-x86_64 | 0.3.4 | 53.74 | 32.14 | 85.88 | NOTE | |
r-release-macos-arm64 | 0.3.4 | 35.00 | NOTE | |||
r-release-macos-x86_64 | 0.3.4 | 56.00 | NOTE | |||
r-release-windows-x86_64 | 0.3.4 | 56.00 | 85.00 | 141.00 | NOTE | |
r-oldrel-macos-arm64 | 0.3.4 | 36.00 | OK | |||
r-oldrel-windows-x86_64 | 0.3.4 | 61.00 | 75.00 | 136.00 | OK |
Version: 0.3.4
Check: C++ specification
Result: NOTE
Specified C++11: please drop specification unless essential
Flavors: r-devel-linux-x86_64-debian-clang, r-devel-linux-x86_64-debian-gcc, r-devel-linux-x86_64-fedora-clang, r-devel-linux-x86_64-fedora-gcc, r-devel-windows-x86_64, r-patched-linux-x86_64, r-release-linux-x86_64, r-release-macos-arm64, r-release-macos-x86_64, r-release-windows-x86_64