CRAN Package Check Results for Package gafit

Last updated on 2023-06-03 12:56:52 CEST.

Flavor Version Tinstall Tcheck Ttotal Status Flags
r-devel-linux-x86_64-debian-clang 0.5.1 2.31 19.31 21.62 OK
r-devel-linux-x86_64-debian-gcc 0.5.1 2.23 15.42 17.65 OK
r-devel-linux-x86_64-fedora-clang 0.5.1 28.42 NOTE
r-devel-linux-x86_64-fedora-gcc 0.5.1 26.88 NOTE
r-devel-windows-x86_64 0.5.1 5.00 43.00 48.00 OK
r-patched-linux-x86_64 0.5.1 OK
r-release-linux-x86_64 0.5.1 2.34 18.91 21.25 OK
r-release-macos-arm64 0.5.1 17.00 OK
r-release-macos-x86_64 0.5.1 20.00 OK
r-release-windows-x86_64 0.5.1 5.00 49.00 54.00 OK
r-oldrel-macos-arm64 0.5.1 16.00 OK
r-oldrel-macos-x86_64 0.5.1 20.00 OK
r-oldrel-windows-x86_64 0.5.1 7.00 43.00 50.00 OK

Check Details

Version: 0.5.1
Check: compiled code
Result: NOTE
    File ‘gafit/libs/gafit.so’:
     Found no calls to: ‘R_registerRoutines’, ‘R_useDynamicSymbols’
    
    It is good practice to register native routines and to disable symbol
    search.
    
    See ‘Writing portable packages’ in the ‘Writing R Extensions’ manual.
Flavors: r-devel-linux-x86_64-fedora-clang, r-devel-linux-x86_64-fedora-gcc