Last updated on 2025-02-05 07:50:13 CET.
Flavor | Version | Tinstall | Tcheck | Ttotal | Status | Flags |
---|---|---|---|---|---|---|
r-devel-linux-x86_64-debian-clang | 1.1.7 | 48.85 | 60.20 | 109.05 | OK | |
r-devel-linux-x86_64-debian-gcc | 1.1.7 | 42.57 | 45.34 | 87.91 | OK | |
r-devel-linux-x86_64-fedora-clang | 1.1.7 | 183.82 | OK | |||
r-devel-linux-x86_64-fedora-gcc | 1.1.7 | 211.13 | OK | |||
r-devel-windows-x86_64 | 1.1.7 | 57.00 | 100.00 | 157.00 | OK | |
r-patched-linux-x86_64 | 1.1.7 | 59.57 | 56.44 | 116.01 | OK | |
r-release-linux-x86_64 | 1.1.7 | 59.23 | 57.64 | 116.87 | OK | |
r-release-macos-arm64 | 1.1.7 | 53.00 | NOTE | |||
r-release-macos-x86_64 | 1.1.7 | 152.00 | OK | |||
r-release-windows-x86_64 | 1.1.7 | 57.00 | 95.00 | 152.00 | OK | |
r-oldrel-macos-arm64 | 1.1.7 | 59.00 | NOTE | |||
r-oldrel-macos-x86_64 | 1.1.7 | 127.00 | OK | |||
r-oldrel-windows-x86_64 | 1.1.7 | 72.00 | 112.00 | 184.00 | OK |
Version: 1.1.7
Check: installed package size
Result: NOTE
installed size is 5.1Mb
sub-directories of 1Mb or more:
libs 4.5Mb
Flavors: r-release-macos-arm64, r-oldrel-macos-arm64