CRAN Package Check Results for Package gargoyle

Last updated on 2023-06-07 21:01:20 CEST.

Flavor Version Tinstall Tcheck Ttotal Status Flags
r-devel-linux-x86_64-debian-clang 0.0.1 3.15 40.65 43.80 NOTE
r-devel-linux-x86_64-debian-gcc 0.0.1 2.76 32.02 34.78 NOTE
r-devel-linux-x86_64-fedora-clang 0.0.1 56.62 NOTE
r-devel-linux-x86_64-fedora-gcc 0.0.1 65.85 NOTE
r-devel-windows-x86_64 0.0.1 6.00 61.00 67.00 NOTE
r-patched-linux-x86_64 0.0.1 3.60 40.05 43.65 NOTE
r-release-linux-x86_64 0.0.1 3.74 39.51 43.25 NOTE
r-release-macos-arm64 0.0.1 28.00 NOTE
r-release-macos-x86_64 0.0.1 41.00 NOTE
r-release-windows-x86_64 0.0.1 6.00 62.00 68.00 NOTE
r-oldrel-macos-arm64 0.0.1 24.00 NOTE
r-oldrel-macos-x86_64 0.0.1 41.00 NOTE
r-oldrel-windows-x86_64 0.0.1 6.00 68.00 74.00 NOTE

Check Details

Version: 0.0.1
Check: LazyData
Result: NOTE
     'LazyData' is specified without a 'data' directory
Flavors: r-devel-linux-x86_64-debian-clang, r-devel-linux-x86_64-debian-gcc, r-devel-linux-x86_64-fedora-clang, r-devel-linux-x86_64-fedora-gcc, r-devel-windows-x86_64, r-patched-linux-x86_64, r-release-linux-x86_64, r-release-macos-arm64, r-release-macos-x86_64, r-release-windows-x86_64, r-oldrel-macos-arm64, r-oldrel-macos-x86_64, r-oldrel-windows-x86_64