CRAN Package Check Results for Package gcite

Last updated on 2024-07-22 18:52:22 CEST.

Flavor Version Tinstall Tcheck Ttotal Status Flags
r-devel-linux-x86_64-debian-clang 0.10.1 5.22 47.75 52.97 NOTE
r-devel-linux-x86_64-debian-gcc 0.10.1 4.03 35.63 39.66 NOTE
r-devel-linux-x86_64-fedora-clang 0.10.1 67.45 NOTE
r-devel-linux-x86_64-fedora-gcc 0.10.1 65.45 NOTE
r-devel-windows-x86_64 0.10.1 6.00 57.00 63.00 NOTE
r-patched-linux-x86_64 0.10.1 8.41 45.12 53.53 NOTE
r-release-linux-x86_64 0.10.1 4.52 45.01 49.53 NOTE
r-release-macos-arm64 0.10.1 25.00 NOTE
r-release-macos-x86_64 0.10.1 34.00 NOTE
r-release-windows-x86_64 0.10.1 6.00 57.00 63.00 NOTE
r-oldrel-macos-arm64 0.10.1 25.00 NOTE
r-oldrel-macos-x86_64 0.10.1 33.00 NOTE
r-oldrel-windows-x86_64 0.10.1 7.00 63.00 70.00 NOTE

Check Details

Version: 0.10.1
Check: LazyData
Result: NOTE 'LazyData' is specified without a 'data' directory Flavors: r-devel-linux-x86_64-debian-clang, r-devel-linux-x86_64-debian-gcc, r-devel-linux-x86_64-fedora-clang, r-devel-linux-x86_64-fedora-gcc, r-devel-windows-x86_64, r-patched-linux-x86_64, r-release-linux-x86_64, r-release-macos-arm64, r-release-macos-x86_64, r-release-windows-x86_64, r-oldrel-macos-arm64, r-oldrel-macos-x86_64, r-oldrel-windows-x86_64

Version: 0.10.1
Check: Rd cross-references
Result: NOTE Found the following Rd file(s) with Rd \link{} targets missing package anchors: gcite.Rd: GET gcite_author_info.Rd: GET gcite_citation_index.Rd: GET gcite_citation_page.Rd: GET gcite_cite_over_time.Rd: GET gcite_graph.Rd: GET gcite_main_graph.Rd: GET gcite_paper_df.Rd: GET gcite_papers.Rd: GET gcite_user_info.Rd: GET gcite_username.Rd: GET gcite_wordcloud_spec.Rd: wordcloud set_cookies_txt.Rd: set_cookies Please provide package anchors for all Rd \link{} targets not in the package itself and the base packages. Flavors: r-devel-linux-x86_64-debian-gcc, r-devel-windows-x86_64