CRAN Package Check Results for Package gcmr

Last updated on 2023-12-05 13:49:34 CET.

Flavor Version Tinstall Tcheck Ttotal Status Flags
r-devel-linux-x86_64-debian-clang 1.0.3 9.39 77.24 86.63 NOTE
r-devel-linux-x86_64-debian-gcc 1.0.3 6.77 58.78 65.55 NOTE
r-devel-linux-x86_64-fedora-clang 1.0.3 116.87 OK
r-devel-linux-x86_64-fedora-gcc 1.0.3 103.83 OK
r-devel-windows-x86_64 1.0.3 11.00 80.00 91.00 OK
r-patched-linux-x86_64 1.0.3 18.10 76.31 94.41 OK
r-release-linux-x86_64 1.0.3 6.69 75.17 81.86 OK
r-release-macos-arm64 1.0.3 37.00 OK
r-release-macos-x86_64 1.0.3 54.00 OK
r-release-windows-x86_64 1.0.3 13.00 93.00 106.00 OK
r-oldrel-macos-arm64 1.0.3 42.00 OK
r-oldrel-macos-x86_64 1.0.3 51.00 OK
r-oldrel-windows-x86_64 1.0.3 13.00 99.00 112.00 OK

Check Details

Version: 1.0.3
Check: Rd files
Result: NOTE checkRd: (-1) matern.cormat.Rd:17: Lost braces; missing escapes or markup? 17 | value of the shape parameter of the Matern correlation class. The default {alpha = 0.5} corresponds to an exponential correlation model. | ^ Flavors: r-devel-linux-x86_64-debian-clang, r-devel-linux-x86_64-debian-gcc