Last updated on 2023-11-28 08:56:26 CET.
Flavor | Version | Tinstall | Tcheck | Ttotal | Status | Flags |
---|---|---|---|---|---|---|
r-devel-linux-x86_64-debian-clang | 1.1.9 | 59.83 | 499.52 | 559.35 | NOTE | |
r-devel-linux-x86_64-debian-gcc | 1.1.9 | 46.60 | 369.21 | 415.81 | NOTE | |
r-devel-linux-x86_64-fedora-clang | 1.1.9 | 719.46 | NOTE | |||
r-devel-linux-x86_64-fedora-gcc | 1.1.9 | 689.22 | NOTE | |||
r-devel-windows-x86_64 | 1.1.9 | 51.00 | 358.00 | 409.00 | OK | |
r-patched-linux-x86_64 | 1.1.9 | 52.27 | 486.03 | 538.30 | NOTE | |
r-release-linux-x86_64 | 1.1.9 | 46.12 | 479.59 | 525.71 | NOTE | |
r-release-macos-arm64 | 1.1.9 | 109.00 | OK | |||
r-release-macos-x86_64 | 1.1.9 | 210.00 | NOTE | |||
r-release-windows-x86_64 | 1.1.9 | 69.00 | 484.00 | 553.00 | OK | |
r-oldrel-macos-arm64 | 1.1.9 | 106.00 | OK | |||
r-oldrel-macos-x86_64 | 1.1.9 | 218.00 | NOTE | |||
r-oldrel-windows-x86_64 | 1.1.9 | 66.00 | 433.00 | 499.00 | OK |
Version: 1.1.9
Check: package dependencies
Result: NOTE
Package suggested but not available for checking: ‘maptools’
Flavors: r-devel-linux-x86_64-debian-clang, r-devel-linux-x86_64-debian-gcc, r-devel-linux-x86_64-fedora-clang, r-devel-linux-x86_64-fedora-gcc, r-patched-linux-x86_64, r-release-linux-x86_64
Version: 1.1.9
Check: package dependencies
Result: NOTE
Package suggested but not available for checking: ‘muscle’
Flavors: r-release-macos-x86_64, r-oldrel-macos-x86_64