Last updated on 2025-04-30 08:52:57 CEST.
Flavor | Version | Tinstall | Tcheck | Ttotal | Status | Flags |
---|---|---|---|---|---|---|
r-devel-linux-x86_64-debian-clang | 0.2.1 | 88.95 | 67.40 | 156.35 | NOTE | |
r-devel-linux-x86_64-debian-gcc | 0.2.1 | 65.95 | 48.01 | 113.96 | OK | |
r-devel-linux-x86_64-fedora-clang | 0.2.1 | 320.98 | OK | |||
r-devel-linux-x86_64-fedora-gcc | 0.2.1 | 351.71 | OK | |||
r-devel-windows-x86_64 | 0.2.1 | 103.00 | 104.00 | 207.00 | OK | |
r-patched-linux-x86_64 | 0.2.1 | 98.50 | 63.72 | 162.22 | OK | |
r-release-linux-x86_64 | 0.2.1 | 94.56 | 66.27 | 160.83 | OK | |
r-release-macos-arm64 | 0.2.1 | 92.00 | OK | |||
r-release-macos-x86_64 | 0.2.1 | 101.00 | OK | |||
r-release-windows-x86_64 | 0.2.1 | 105.00 | 105.00 | 210.00 | OK | |
r-oldrel-macos-arm64 | 0.2.1 | 78.00 | NOTE | |||
r-oldrel-macos-x86_64 | 0.2.1 | 102.00 | NOTE | |||
r-oldrel-windows-x86_64 | 0.2.1 | 116.00 | 126.00 | 242.00 | OK |
Version: 0.2.1
Check: examples
Result: NOTE
Examples with CPU (user + system) or elapsed time > 5s
user system elapsed
geocd_raster 7.986 0.075 10.614
Flavor: r-devel-linux-x86_64-debian-clang
Version: 0.2.1
Check: installed package size
Result: NOTE
installed size is 7.4Mb
sub-directories of 1Mb or more:
libs 6.1Mb
Flavors: r-oldrel-macos-arm64, r-oldrel-macos-x86_64