CRAN Package Check Results for Package geometa

Last updated on 2025-02-04 16:49:12 CET.

Flavor Version Tinstall Tcheck Ttotal Status Flags
r-devel-linux-x86_64-debian-clang 0.9 349.04 1272.55 1621.59 OK
r-devel-linux-x86_64-debian-gcc 0.9 209.23 781.72 990.95 OK
r-devel-linux-x86_64-fedora-clang 0.9 2889.05 OK
r-devel-linux-x86_64-fedora-gcc 0.9 2569.03 OK
r-devel-windows-x86_64 0.9 342.00 1375.00 1717.00 OK
r-patched-linux-x86_64 0.9 346.60 1171.40 1518.00 OK
r-release-linux-x86_64 0.9 332.50 1182.67 1515.17 OK
r-release-macos-arm64 0.9 669.00 NOTE
r-release-macos-x86_64 0.9 1480.00 NOTE
r-release-windows-x86_64 0.9 358.00 1380.00 1738.00 NOTE
r-oldrel-macos-arm64 0.8-0 298.00 NOTE
r-oldrel-macos-x86_64 0.8-0 613.00 NOTE
r-oldrel-windows-x86_64 0.9 288.00 1256.00 1544.00 NOTE

Check Details

Version: 0.9
Check: installed package size
Result: NOTE installed size is 22.3Mb sub-directories of 1Mb or more: R 12.0Mb extdata 6.3Mb help 3.8Mb Flavors: r-release-macos-arm64, r-release-macos-x86_64, r-release-windows-x86_64, r-oldrel-windows-x86_64

Version: 0.8-0
Check: installed package size
Result: NOTE installed size is 15.5Mb sub-directories of 1Mb or more: R 10.0Mb extdata 2.5Mb help 2.9Mb Flavors: r-oldrel-macos-arm64, r-oldrel-macos-x86_64

Version: 0.9
Check: PDF version of manual
Result: FAIL Check process probably crashed or hung up for 20 minutes ... killed Most likely this happened in the example checks (?), if not, ignore the following last lines of example output: > cleanEx() > nameEx("setMetadataStandard") > ### * setMetadataStandard > > flush(stderr()); flush(stdout()) > > ### Name: setMetadataStandard > ### Title: setMetadataStandard > ### Aliases: setMetadataStandard > > ### ** Examples > > > > > ### * <FOOTER> > ### > cleanEx() > options(digits = 7L) > base::cat("Time elapsed: ", proc.time() - base::get("ptime", pos = 'CheckExEnv'),"\n") Time elapsed: 224.67 2.34 237.77 NA NA > grDevices::dev.off() null device 1 > ### > ### Local variables: *** > ### mode: outline-minor *** > ### outline-regexp: "\\(> \\)?### [*]+" *** > ### End: *** > quit('no') ======== End of example output (where/before crash/hang up occured ?) ======== Flavor: r-oldrel-windows-x86_64