Last updated on 2024-08-31 22:49:39 CEST.
Flavor | Version | Tinstall | Tcheck | Ttotal | Status | Flags |
---|---|---|---|---|---|---|
r-devel-linux-x86_64-debian-clang | 0.1-1 | 6.78 | 36.28 | 43.06 | NOTE | |
r-devel-linux-x86_64-debian-gcc | 0.1-1 | 3.88 | 27.23 | 31.11 | NOTE | |
r-devel-linux-x86_64-fedora-clang | 0.1-1 | 68.75 | OK | |||
r-devel-linux-x86_64-fedora-gcc | 0.1-1 | 81.80 | OK | |||
r-devel-windows-x86_64 | 0.1-1 | 8.00 | 54.00 | 62.00 | NOTE | |
r-patched-linux-x86_64 | 0.1-1 | 11.30 | 34.39 | 45.69 | OK | |
r-release-linux-x86_64 | 0.1-1 | 5.21 | 34.42 | 39.63 | OK | |
r-release-macos-arm64 | 0.1-1 | 30.00 | OK | |||
r-release-macos-x86_64 | 0.1-1 | 44.00 | OK | |||
r-release-windows-x86_64 | 0.1-1 | 9.00 | 57.00 | 66.00 | OK | |
r-oldrel-macos-arm64 | 0.1-1 | 40.00 | OK | |||
r-oldrel-macos-x86_64 | 0.1-1 | 62.00 | OK | |||
r-oldrel-windows-x86_64 | 0.1-1 | 10.00 | 60.00 | 70.00 | OK |
Version: 0.1-1
Check: Rd cross-references
Result: NOTE
Found the following Rd file(s) with Rd \link{} targets missing package
anchors:
GeoNodeManager.Rd: R6Class
GeoNodeUtils.Rd: R6Class
GeoNodeVersion.Rd: R6Class
Please provide package anchors for all Rd \link{} targets not in the
package itself and the base packages.
Flavors: r-devel-linux-x86_64-debian-clang, r-devel-linux-x86_64-debian-gcc, r-devel-windows-x86_64