Last updated on 2024-08-31 22:49:39 CEST.
Flavor | Version | Tinstall | Tcheck | Ttotal | Status | Flags |
---|---|---|---|---|---|---|
r-devel-linux-x86_64-debian-clang | 1.0-4 | 8.27 | 87.27 | 95.54 | NOTE | |
r-devel-linux-x86_64-debian-gcc | 1.0-4 | 6.54 | 59.92 | 66.46 | NOTE | |
r-devel-linux-x86_64-fedora-clang | 1.0-4 | 150.67 | NOTE | |||
r-devel-linux-x86_64-fedora-gcc | 1.0-4 | 149.07 | NOTE | |||
r-devel-windows-x86_64 | 1.0-4 | 10.00 | 100.00 | 110.00 | NOTE | |
r-patched-linux-x86_64 | 1.0-4 | 12.07 | 80.97 | 93.04 | OK | |
r-release-linux-x86_64 | 1.0-4 | 8.25 | 81.18 | 89.43 | OK | |
r-release-macos-arm64 | 1.0-4 | 41.00 | OK | |||
r-release-macos-x86_64 | 1.0-4 | 61.00 | OK | |||
r-release-windows-x86_64 | 1.0-4 | 9.00 | 101.00 | 110.00 | OK | |
r-oldrel-macos-arm64 | 1.0-4 | 49.00 | OK | |||
r-oldrel-macos-x86_64 | 1.0-4 | 86.00 | OK | |||
r-oldrel-windows-x86_64 | 1.0-4 | 12.00 | 122.00 | 134.00 | OK |
Version: 1.0-4
Check: Rd cross-references
Result: NOTE
Found the following Rd file(s) with Rd \link{} targets missing package
anchors:
idw.cv.Rd: idw
network.design.Rd: krige, spsample, krige.cv, point.in.polygon
Please provide package anchors for all Rd \link{} targets not in the
package itself and the base packages.
Flavors: r-devel-linux-x86_64-debian-clang, r-devel-linux-x86_64-debian-gcc, r-devel-windows-x86_64
Version: 1.0-4
Check: data for non-ASCII characters
Result: NOTE
Note: found 1 marked UTF-8 string
Flavors: r-devel-linux-x86_64-fedora-clang, r-devel-linux-x86_64-fedora-gcc