Last updated on 2025-04-29 10:50:35 CEST.
Flavor | Version | Tinstall | Tcheck | Ttotal | Status | Flags |
---|---|---|---|---|---|---|
r-devel-linux-x86_64-debian-clang | 0.1.0 | 17.65 | 642.49 | 660.14 | NOTE | |
r-devel-linux-x86_64-debian-gcc | 0.1.0 | 11.53 | 474.07 | 485.60 | NOTE | |
r-devel-linux-x86_64-fedora-clang | 0.1.0 | 956.85 | OK | |||
r-devel-linux-x86_64-fedora-gcc | 0.1.0 | 1030.19 | OK | |||
r-devel-windows-x86_64 | 0.1.0 | 17.00 | 869.00 | 886.00 | OK | |
r-patched-linux-x86_64 | 0.1.0 | 14.76 | 602.70 | 617.46 | OK | |
r-release-linux-x86_64 | 0.1.0 | 15.36 | 604.68 | 620.04 | OK | |
r-release-macos-arm64 | 0.1.0 | 310.00 | OK | |||
r-release-macos-x86_64 | 0.1.0 | 844.00 | OK | |||
r-release-windows-x86_64 | 0.1.0 | 18.00 | 878.00 | 896.00 | OK | |
r-oldrel-macos-arm64 | 0.1.0 | 281.00 | OK | |||
r-oldrel-macos-x86_64 | 0.1.0 | 511.00 | OK | |||
r-oldrel-windows-x86_64 | 0.1.0 | 24.00 | 1097.00 | 1121.00 | OK |
Version: 0.1.0
Check: examples
Result: NOTE
Examples with CPU (user + system) or elapsed time > 5s
user system elapsed
ice 5.638 0.167 6.641
Flavor: r-devel-linux-x86_64-debian-clang
Version: 0.1.0
Check: examples
Result: NOTE
Examples with CPU (user + system) or elapsed time > 5s
user system elapsed
ice 4.202 0.656 5.447
Flavor: r-devel-linux-x86_64-debian-gcc