Last updated on 2025-04-29 15:50:13 CEST.
Flavor | Version | Tinstall | Tcheck | Ttotal | Status | Flags |
---|---|---|---|---|---|---|
r-devel-linux-x86_64-debian-clang | 0.3.0 | 15.12 | 113.16 | 128.28 | NOTE | |
r-devel-linux-x86_64-debian-gcc | 0.3.0 | 8.85 | 78.17 | 87.02 | NOTE | |
r-devel-linux-x86_64-fedora-clang | 0.3.0 | 179.79 | OK | |||
r-devel-linux-x86_64-fedora-gcc | 0.3.0 | 165.64 | OK | |||
r-devel-windows-x86_64 | 0.3.0 | 13.00 | 106.00 | 119.00 | OK | |
r-patched-linux-x86_64 | 0.3.0 | 13.63 | 103.76 | 117.39 | OK | |
r-release-linux-x86_64 | 0.3.0 | 13.56 | 102.42 | 115.98 | OK | |
r-release-macos-arm64 | 0.3.0 | 53.00 | OK | |||
r-release-macos-x86_64 | 0.3.0 | 113.00 | OK | |||
r-release-windows-x86_64 | 0.3.0 | 15.00 | 114.00 | 129.00 | OK | |
r-oldrel-macos-arm64 | 0.3.0 | 53.00 | OK | |||
r-oldrel-macos-x86_64 | 0.3.0 | 123.00 | OK | |||
r-oldrel-windows-x86_64 | 0.3.0 | 19.00 | 134.00 | 153.00 | OK |
Version: 0.3.0
Check: DESCRIPTION meta-information
Result: NOTE
Author field differs from that derived from Authors@R
Author: ‘Mikko Vihtakari [aut, cre] (Institute of Marine Research, <https://orcid.org/0000-0003-0371-4319>)’
Authors@R: ‘Mikko Vihtakari [aut, cre] (affiliation: Institute of Marine Research, ORCID: <https://orcid.org/0000-0003-0371-4319>)’
Flavors: r-devel-linux-x86_64-debian-clang, r-devel-linux-x86_64-debian-gcc
Version: 0.3.0
Check: examples
Result: NOTE
Examples with CPU (user + system) or elapsed time > 5s
user system elapsed
plot_maturity 4.602 0.138 5.302
Flavor: r-devel-linux-x86_64-debian-clang
Version: 0.3.0
Check: examples
Result: NOTE
Examples with CPU (user + system) or elapsed time > 5s
user system elapsed
plot_maturity 3.823 0.31 6.061
Flavor: r-devel-linux-x86_64-debian-gcc