Last updated on 2025-04-30 18:51:31 CEST.
Flavor | Version | Tinstall | Tcheck | Ttotal | Status | Flags |
---|---|---|---|---|---|---|
r-devel-linux-x86_64-debian-clang | 2.2.1 | 13.68 | 623.32 | 637.00 | NOTE | |
r-devel-linux-x86_64-debian-gcc | 2.2.1 | 8.94 | 352.31 | 361.25 | NOTE | |
r-devel-linux-x86_64-fedora-clang | 2.2.1 | 959.49 | OK | |||
r-devel-linux-x86_64-fedora-gcc | 2.2.1 | 823.72 | OK | |||
r-devel-windows-x86_64 | 2.2.1 | 14.00 | 436.00 | 450.00 | OK | |
r-patched-linux-x86_64 | 2.2.1 | 14.12 | 509.17 | 523.29 | OK | |
r-release-linux-x86_64 | 2.2.1 | 10.80 | 504.08 | 514.88 | OK | |
r-release-macos-arm64 | 2.2.1 | 203.00 | OK | |||
r-release-macos-x86_64 | 2.2.1 | 535.00 | OK | |||
r-release-windows-x86_64 | 2.2.1 | 14.00 | 532.00 | 546.00 | OK | |
r-oldrel-macos-arm64 | 2.2.1 | 198.00 | OK | |||
r-oldrel-macos-x86_64 | 2.2.1 | 430.00 | OK | |||
r-oldrel-windows-x86_64 | 2.2.1 | 19.00 | 578.00 | 597.00 | OK |
Version: 2.2.1
Check: CRAN incoming feasibility
Result: NOTE
Maintainer: ‘John Ehrlinger <john.ehrlinger@gmail.com>’
No Authors@R field in DESCRIPTION.
Please add one, modifying
Authors@R: person(given = "John",
family = "Ehrlinger",
role = c("aut", "cre"),
email = "john.ehrlinger@gmail.com")
as necessary.
Flavors: r-devel-linux-x86_64-debian-clang, r-devel-linux-x86_64-debian-gcc
Version: 2.2.1
Check: examples
Result: NOTE
Examples with CPU (user + system) or elapsed time > 5s
user system elapsed
gg_variable 7.789 0.483 10.110
gg_interaction 5.903 1.176 6.377
gg_vimp 3.855 0.267 12.536
Flavor: r-devel-linux-x86_64-debian-clang
Version: 2.2.1
Check: examples
Result: NOTE
Examples with CPU (user + system) or elapsed time > 5s
user system elapsed
gg_variable 4.874 0.688 6.996
Flavor: r-devel-linux-x86_64-debian-gcc