CRAN Package Check Results for Package ggamma

Last updated on 2025-02-04 15:49:11 CET.

Flavor Version Tinstall Tcheck Ttotal Status Flags
r-devel-linux-x86_64-debian-clang 1.0.1 1.55 22.47 24.02 OK
r-devel-linux-x86_64-debian-gcc 1.0.1 1.34 17.88 19.22 OK
r-devel-linux-x86_64-fedora-clang 1.0.1 39.37 OK
r-devel-linux-x86_64-fedora-gcc 1.0.1 38.79 OK
r-devel-windows-x86_64 1.0.1 3.00 52.00 55.00 OK
r-patched-linux-x86_64 1.0.1 1.64 21.08 22.72 NOTE
r-release-linux-x86_64 1.0.1 1.50 21.24 22.74 NOTE
r-release-macos-arm64 1.0.1 18.00 NOTE
r-release-macos-x86_64 1.0.1 25.00 NOTE
r-release-windows-x86_64 1.0.1 3.00 50.00 53.00 NOTE
r-oldrel-macos-arm64 1.0.1 18.00 NOTE
r-oldrel-macos-x86_64 1.0.1 24.00 NOTE
r-oldrel-windows-x86_64 1.0.1 2.00 53.00 55.00 NOTE

Check Details

Version: 1.0.1
Check: LazyData
Result: NOTE 'LazyData' is specified without a 'data' directory Flavors: r-patched-linux-x86_64, r-release-linux-x86_64, r-release-macos-arm64, r-release-macos-x86_64, r-release-windows-x86_64, r-oldrel-macos-arm64, r-oldrel-macos-x86_64, r-oldrel-windows-x86_64