CRAN Package Check Results for Package ggarchery

Last updated on 2025-02-04 16:49:12 CET.

Flavor Version Tinstall Tcheck Ttotal Status Flags
r-devel-linux-x86_64-debian-clang 0.4.3 4.75 41.17 45.92 NOTE
r-devel-linux-x86_64-debian-gcc 0.4.3 4.27 29.22 33.49 NOTE
r-devel-linux-x86_64-fedora-clang 0.4.3 77.12 OK
r-devel-linux-x86_64-fedora-gcc 0.4.3 70.64 OK
r-devel-windows-x86_64 0.4.3 8.00 56.00 64.00 NOTE
r-patched-linux-x86_64 0.4.3 10.79 37.33 48.12 OK
r-release-linux-x86_64 0.4.3 5.23 37.30 42.53 OK
r-release-macos-arm64 0.4.3 24.00 OK
r-release-macos-x86_64 0.4.3 43.00 OK
r-release-windows-x86_64 0.4.3 7.00 57.00 64.00 OK
r-oldrel-macos-arm64 0.4.3 30.00 OK
r-oldrel-macos-x86_64 0.4.3 57.00 OK
r-oldrel-windows-x86_64 0.4.3 8.00 65.00 73.00 OK

Check Details

Version: 0.4.3
Check: Rd cross-references
Result: NOTE Found the following Rd file(s) with Rd \link{} targets missing package anchors: geom_arrowsegment.Rd: geom_segment Please provide package anchors for all Rd \link{} targets not in the package itself and the base packages. Flavors: r-devel-linux-x86_64-debian-clang, r-devel-linux-x86_64-debian-gcc, r-devel-windows-x86_64